{"id":2901,"date":"2015-11-18T08:34:00","date_gmt":"2015-11-18T05:34:00","guid":{"rendered":"http:\/\/demo.thimpress.com\/eduma\/?page_id=2901"},"modified":"2026-04-15T12:08:27","modified_gmt":"2026-04-15T09:08:27","slug":"hakkimizda","status":"publish","type":"page","link":"https:\/\/arapca.com\/index.php\/hakkimizda\/","title":{"rendered":"Hakk\u0131m\u0131zda"},"content":{"rendered":"\n<figure class=\"wp-block-image size-full\"><img data-recalc-dims=\"1\" loading=\"lazy\" decoding=\"async\" width=\"150\" height=\"150\" src=\"https:\/\/i0.wp.com\/arapca.com\/wp-content\/uploads\/2023\/05\/cropped-arzlogo-1-e1741783849881.jpg?resize=150%2C150&#038;ssl=1\" alt=\"\" class=\"wp-image-22590\"\/><\/figure>\n\n\n\n<p class=\"has-text-color has-link-color has-large-font-size wp-elements-6a2cae37c4a645012860d5432d4c162d\" style=\"color:#f00808\"><strong>Arz Yay\u0131nc\u0131l\u0131k<\/strong><\/p>\n\n\n\n<p>2005\u2019te Kayseri&#8217;de kurulmu\u015f, uzun y\u0131llar Bas\u0131l\u0131 yay\u0131nc\u0131l\u0131\u011f\u0131n yan\u0131 s\u0131ra Online Arap\u00e7a E\u011fitimin Lideri olmaya aday..<\/p>\n\n\n\n<p>Arap\u00e7a \u00f6\u011frenmek isteyenler i\u00e7in online e\u011fitim imkan\u0131 sunan bir platformdur. <\/p>\n\n\n\n<p>Uzman e\u011fitmen kadromuzla, \u00f6\u011frencilerimizin hedeflerine ula\u015fmas\u0131na yard\u0131mc\u0131 oluyoruz.&nbsp;<\/p>\n\n\n\n<p><\/p>\n","protected":false},"excerpt":{"rendered":"<p>Arz Yay\u0131nc\u0131l\u0131k 2005\u2019te Kayseri&#8217;de kurulmu\u015f, uzun y\u0131llar Bas\u0131l\u0131 yay\u0131nc\u0131l\u0131\u011f\u0131n yan\u0131 s\u0131ra Online Arap\u00e7a E\u011fitimin Lideri olmaya aday.. Arap\u00e7a \u00f6\u011frenmek isteyenler i\u00e7in online e\u011fitim imkan\u0131 sunan bir platformdur. Uzman e\u011fitmen kadromuzla, \u00f6\u011frencilerimizin hedeflerine ula\u015fmas\u0131na yard\u0131mc\u0131 oluyoruz.&nbsp;<\/p>\n","protected":false},"author":1,"featured_media":0,"parent":0,"menu_order":0,"comment_status":"closed","ping_status":"closed","template":"","meta":{"_bbp_topic_count":0,"_bbp_reply_count":0,"_bbp_total_topic_count":0,"_bbp_total_reply_count":0,"_bbp_voice_count":0,"_bbp_anonymous_reply_count":0,"_bbp_topic_count_hidden":0,"_bbp_reply_count_hidden":0,"_bbp_forum_subforum_count":0,"advanced_seo_description":"","jetpack_seo_html_title":"","jetpack_seo_noindex":false,"footnotes":""},"class_list":["post-2901","page","type-page","status-publish","hentry"],"jetpack_sharing_enabled":true,"jetpack_likes_enabled":true,"_links":{"self":[{"href":"https:\/\/arapca.com\/index.php\/wp-json\/wp\/v2\/pages\/2901","targetHints":{"allow":["GET"]}}],"collection":[{"href":"https:\/\/arapca.com\/index.php\/wp-json\/wp\/v2\/pages"}],"about":[{"href":"https:\/\/arapca.com\/index.php\/wp-json\/wp\/v2\/types\/page"}],"author":[{"embeddable":true,"href":"https:\/\/arapca.com\/index.php\/wp-json\/wp\/v2\/users\/1"}],"replies":[{"embeddable":true,"href":"https:\/\/arapca.com\/index.php\/wp-json\/wp\/v2\/comments?post=2901"}],"version-history":[{"count":11,"href":"https:\/\/arapca.com\/index.php\/wp-json\/wp\/v2\/pages\/2901\/revisions"}],"predecessor-version":[{"id":26193,"href":"https:\/\/arapca.com\/index.php\/wp-json\/wp\/v2\/pages\/2901\/revisions\/26193"}],"wp:attachment":[{"href":"https:\/\/arapca.com\/index.php\/wp-json\/wp\/v2\/media?parent=2901"}],"curies":[{"name":"wp","href":"https:\/\/api.w.org\/{rel}","templated":true}]}}