{"id":29,"date":"2023-05-03T18:58:37","date_gmt":"2023-05-03T15:58:37","guid":{"rendered":"https:\/\/arapca.com\/index.php\/user-account\/"},"modified":"2023-05-05T19:42:06","modified_gmt":"2023-05-05T16:42:06","slug":"user-account","status":"publish","type":"page","link":"https:\/\/arapca.com\/index.php\/user-account\/","title":{"rendered":"Kullan\u0131c\u0131 hesab\u0131"},"content":{"rendered":"<div class=\"event-wrapper-shortcode user-account\">Hen\u00fcz <a href=\"https:\/\/arapca.com\/index.php\/hesap\/\">giri\u015f<\/a> yapmad\u0131n\u0131z<\/div>\n","protected":false},"excerpt":{"rendered":"","protected":false},"author":1,"featured_media":0,"parent":0,"menu_order":0,"comment_status":"closed","ping_status":"closed","template":"","meta":{"_bbp_topic_count":0,"_bbp_reply_count":0,"_bbp_total_topic_count":0,"_bbp_total_reply_count":0,"_bbp_voice_count":0,"_bbp_anonymous_reply_count":0,"_bbp_topic_count_hidden":0,"_bbp_reply_count_hidden":0,"_bbp_forum_subforum_count":0,"footnotes":""},"class_list":["post-29","page","type-page","status-publish","hentry"],"jetpack_sharing_enabled":true,"jetpack_likes_enabled":true,"_links":{"self":[{"href":"https:\/\/arapca.com\/index.php\/wp-json\/wp\/v2\/pages\/29","targetHints":{"allow":["GET"]}}],"collection":[{"href":"https:\/\/arapca.com\/index.php\/wp-json\/wp\/v2\/pages"}],"about":[{"href":"https:\/\/arapca.com\/index.php\/wp-json\/wp\/v2\/types\/page"}],"author":[{"embeddable":true,"href":"https:\/\/arapca.com\/index.php\/wp-json\/wp\/v2\/users\/1"}],"replies":[{"embeddable":true,"href":"https:\/\/arapca.com\/index.php\/wp-json\/wp\/v2\/comments?post=29"}],"version-history":[{"count":1,"href":"https:\/\/arapca.com\/index.php\/wp-json\/wp\/v2\/pages\/29\/revisions"}],"predecessor-version":[{"id":15772,"href":"https:\/\/arapca.com\/index.php\/wp-json\/wp\/v2\/pages\/29\/revisions\/15772"}],"wp:attachment":[{"href":"https:\/\/arapca.com\/index.php\/wp-json\/wp\/v2\/media?parent=29"}],"curies":[{"name":"wp","href":"https:\/\/api.w.org\/{rel}","templated":true}]}}