{"id":22270,"date":"2025-02-26T15:29:18","date_gmt":"2025-02-26T12:29:18","guid":{"rendered":"https:\/\/arapca.com\/?page_id=22270"},"modified":"2025-02-26T15:32:45","modified_gmt":"2025-02-26T12:32:45","slug":"fiil-cumlesi","status":"publish","type":"page","link":"https:\/\/arapca.com\/index.php\/arapca-dilbilgisi\/fiil-cumlesi\/","title":{"rendered":"Fiil C\u00fcmlesi"},"content":{"rendered":"\n<h2 class=\"wp-block-heading has-text-color has-link-color wp-elements-800971878009d55fc62d5a6bb02ae31c\" style=\"color:#f30606\"><strong>Fiil C\u00fcmlesi (\u0627\u0644\u062c\u0645\u0644\u0629 \u0627\u0644\u0641\u0639\u0644\u064a\u0629) \u2013 Fiil, F\u00e2il, Mef&#8217;\u00fbl<\/strong><\/h2>\n\n\n\n<p>Arap\u00e7a\u2019da <strong>fiil c\u00fcmlesi (\u0627\u0644\u062c\u0645\u0644\u0629 \u0627\u0644\u0641\u0639\u0644\u064a\u0629)<\/strong>, <strong>fiille ba\u015flayan c\u00fcmlelerdir.<\/strong> Bu c\u00fcmleler genellikle <strong>fiil (\u0627\u0644\u0641\u0639\u0644)<\/strong>, <strong>\u00f6zne yani f\u00e2il (\u0627\u0644\u0641\u0627\u0639\u0644)<\/strong> ve <strong>nesne yani mef\u2019\u00fbl (\u0627\u0644\u0645\u0641\u0639\u0648\u0644 \u0628\u0647)<\/strong> olmak \u00fczere \u00fc\u00e7 temel unsurdan olu\u015fur.<\/p>\n\n\n\n<hr class=\"wp-block-separator has-alpha-channel-opacity\"\/>\n\n\n\n<h2 class=\"wp-block-heading has-text-color has-link-color wp-elements-11ec9ab5466d0715e84d4e4157e28e55\" style=\"color:#f80606\"><strong>1. Fiil (\u0627\u0644\u0641\u0639\u0644) \u2013 Eylem<\/strong><\/h2>\n\n\n\n<p>C\u00fcmlenin ba\u015f\u0131nda yer alan ve eylemi bildiren kelimedir.<\/p>\n\n\n\n<p>\u2714 <strong>\u00dc\u00e7 temel zaman\u0131 vard\u0131r:<\/strong><\/p>\n\n\n\n<ul class=\"wp-block-list\">\n<li><strong>Mazi (\u0627\u0644\u0645\u0627\u0636\u064a)<\/strong> \u2192 Ge\u00e7mi\u015f zaman (<em>\u0643\u062a\u0628\u064e<\/em> &#8211; yazd\u0131)<\/li>\n\n\n\n<li><strong>Muzari (\u0627\u0644\u0645\u0636\u0627\u0631\u0639)<\/strong> \u2192 \u015eimdiki &amp; geni\u015f zaman (<em>\u064a\u0643\u062a\u0628\u064f<\/em> &#8211; yaz\u0131yor\/yazar)<\/li>\n\n\n\n<li><strong>Emir (\u0627\u0644\u0623\u0645\u0631)<\/strong> \u2192 Emir kipi (<em>\u0627\u0643\u062a\u0628\u0652<\/em> &#8211; yaz!)<\/li>\n<\/ul>\n\n\n\n<p>\u2714 <strong>Fiil genellikle c\u00fcmlenin ba\u015f\u0131nda yer al\u0131r.<\/strong><\/p>\n\n\n\n<p><strong>\u00d6rnekler:<\/strong><\/p>\n\n\n\n<ul class=\"wp-block-list\">\n<li><em><strong>\u0630\u0647\u0628\u064e <\/strong>\u0627\u0644\u0637\u0627\u0644\u0628\u064f \u0625\u0644\u0649 \u0627\u0644\u0645\u062f\u0631\u0633\u0629\u0650.<\/em> (\u00d6\u011frenci okula gitti.)<\/li>\n\n\n\n<li><em><strong>\u064a\u0623\u0643\u0644\u064f <\/strong>\u0627\u0644\u0637\u0641\u0644\u064f \u0627\u0644\u062a\u0641\u0627\u062d\u0629\u064e.<\/em> (\u00c7ocuk elmay\u0131 yiyor.)<\/li>\n\n\n\n<li><em><strong>\u0627\u0643\u062a\u0628\u0652 <\/strong>\u0627\u0644\u062f\u0631\u0633\u064e!<\/em> (Dersi yaz!)<\/li>\n<\/ul>\n\n\n\n<hr class=\"wp-block-separator has-alpha-channel-opacity\"\/>\n\n\n\n<h2 class=\"wp-block-heading has-text-color has-link-color wp-elements-0624b8a0315a4f482e31c3bf1bf2eed5\" style=\"color:#f70606\"><strong>2. F\u00e2il (\u0627\u0644\u0641\u0627\u0639\u0644) \u2013 \u00d6zne<\/strong><\/h2>\n\n\n\n<p>Fiili ger\u00e7ekle\u015ftiren ki\u015fidir.<\/p>\n\n\n\n<p>\u2714 <strong>Daima merfu (\u0631\u0641\u0639) yani dammeli olur.<\/strong><br>\u2714 <strong>Tekil, ikil ve \u00e7o\u011ful h\u00e2lleri fiille uyum i\u00e7inde olmal\u0131d\u0131r.<\/strong><br>\u2714 <strong>Bazen a\u00e7\u0131k\u00e7a yaz\u0131lmaz, fiilin sonundaki zamirden anla\u015f\u0131l\u0131r.<\/strong><\/p>\n\n\n\n<p><strong>\u00d6rnekler:<\/strong><\/p>\n\n\n\n<ul class=\"wp-block-list\">\n<li><em>\u0642\u0631\u0623\u064e <strong>\u0627\u0644\u0637\u0627\u0644\u0628\u064f <\/strong>\u0627\u0644\u0643\u062a\u0627\u0628\u064e.<\/em> (\u00d6\u011frenci kitab\u0131 okudu.) \u2192 <strong>F\u00e2il: \u0627\u0644\u0637\u0627\u0644\u0628\u064f<\/strong><\/li>\n\n\n\n<li><em>\u062c\u0627\u0621\u064e <strong>\u0627\u0644\u0645\u0639\u0644\u0645\u064f<\/strong>.<\/em> (\u00d6\u011fretmen geldi.) \u2192 <strong>F\u00e2il: \u0627\u0644\u0645\u0639\u0644\u0645\u064f<\/strong><\/li>\n\n\n\n<li><em>\u0646\u0630\u0647\u0628\u064f \u0625\u0644\u0649 \u0627\u0644\u0645\u0633\u062c\u062f\u0650.<\/em> (Biz camiye gidiyoruz.) \u2192 <strong>F\u00e2il: (gizli &#8220;biz&#8221; zamiri)<\/strong><\/li>\n<\/ul>\n\n\n\n<p>\ud83d\udd39 <strong>E\u011fer fiilin ba\u015f\u0131nda &#8220;\u0646\u062d\u0646\u060c \u0623\u0646\u062a\u064e\u060c \u0647\u0648&#8221; gibi zamirler yoksa, fiilin sonundaki harekeler \u00f6zneyi belirler!<\/strong><\/p>\n\n\n\n<hr class=\"wp-block-separator has-alpha-channel-opacity\"\/>\n\n\n\n<h2 class=\"wp-block-heading has-text-color has-link-color wp-elements-576c69206f2ed7ea462fe69dd73d2c71\" style=\"color:#f80606\"><strong>3. Mef\u2019\u00fbl (\u0627\u0644\u0645\u0641\u0639\u0648\u0644 \u0628\u0647) \u2013 Nesne<\/strong><\/h2>\n\n\n\n<p>Fiilin etkiledi\u011fi, fiilden etkilenen unsurdur.<\/p>\n\n\n\n<p>\u2714 <strong>Daima mans\u00fbb (\u0646\u0635\u0628) yani \u00fcst\u00fcnl\u00fc (\u0641\u062a\u062d\u0629) olur.<\/strong><br>\u2714 <strong>Mef\u2019\u00fbl genellikle fiil ve \u00f6zneden sonra gelir, ancak bazen c\u00fcmlenin ba\u015f\u0131na da gelebilir.<\/strong><\/p>\n\n\n\n<p><strong>\u00d6rnekler:<\/strong><\/p>\n\n\n\n<ul class=\"wp-block-list\">\n<li><em>\u0623\u0643\u0644\u064e \u0627\u0644\u0648\u0644\u062f\u064f <strong>\u0627\u0644\u062a\u0641\u0627\u062d\u0629\u064e<\/strong>.<\/em> (\u00c7ocuk elmay\u0131 yedi.) \u2192 <strong>Mef\u2019\u00fbl: \u0627\u0644\u062a\u0641\u0627\u062d\u0629\u064e<\/strong><\/li>\n\n\n\n<li><em>\u0634\u0631\u062d\u064e \u0627\u0644\u0623\u0633\u062a\u0627\u0630\u064f <strong>\u0627\u0644\u062f\u0631\u0633\u064e<\/strong>.<\/em> (\u00d6\u011fretmen dersi a\u00e7\u0131klad\u0131.) \u2192 <strong>Mef\u2019\u00fbl: \u0627\u0644\u062f\u0631\u0633\u064e<\/strong><\/li>\n\n\n\n<li><em>\u0633\u0645\u0639\u062a\u064f <strong>\u0627\u0644\u0642\u0631\u0622\u0646\u064e<\/strong>.<\/em> (Kur&#8217;an&#8217;\u0131 dinledim.) \u2192 <strong>Mef\u2019\u00fbl: \u0627\u0644\u0642\u0631\u0622\u0646\u064e<\/strong><\/li>\n<\/ul>\n\n\n\n<hr class=\"wp-block-separator has-alpha-channel-opacity\"\/>\n\n\n\n<h2 class=\"wp-block-heading has-text-color has-link-color wp-elements-f1e6bf3e71bf851554ac79eb52e46aa0\" style=\"color:#f70606\"><strong>4. Fiil C\u00fcmlesinin Yap\u0131s\u0131<\/strong><\/h2>\n\n\n\n<figure class=\"wp-block-table\"><table class=\"has-fixed-layout\"><thead><tr><th><strong>\u00d6\u011fe<\/strong><\/th><th><strong>Tan\u0131m<\/strong><\/th><th><strong>Hareke<\/strong><\/th><th><strong>\u00d6rnek<\/strong><\/th><\/tr><\/thead><tbody><tr><td><strong>Fiil (\u0627\u0644\u0641\u0639\u0644)<\/strong><\/td><td>Eylem bildirir<\/td><td>Harekesi de\u011fi\u015febilir<\/td><td><em>\u0643\u062a\u0628\u064e (yazd\u0131)<\/em><\/td><\/tr><tr><td><strong>F\u00e2il (\u0627\u0644\u0641\u0627\u0639\u0644)<\/strong><\/td><td>Fiili yapan ki\u015fi veya varl\u0131k<\/td><td><strong>Merfu (Dammeli)<\/strong><\/td><td><em>\u0627\u0644\u0637\u0627\u0644\u0628\u064f (\u00f6\u011frenci)<\/em><\/td><\/tr><tr><td><strong>Mef\u2019\u00fbl (\u0627\u0644\u0645\u0641\u0639\u0648\u0644 \u0628\u0647)<\/strong><\/td><td>Fiilden etkilenen \u00f6\u011fe<\/td><td><strong>Mans\u00fbb (\u00dcst\u00fcnl\u00fc)<\/strong><\/td><td><em>\u0627\u0644\u062f\u0631\u0633\u064e (dersi)<\/em><\/td><\/tr><\/tbody><\/table><\/figure>\n\n\n\n<hr class=\"wp-block-separator has-alpha-channel-opacity\"\/>\n\n\n\n<h2 class=\"wp-block-heading has-text-color has-link-color wp-elements-569b73b389d68d88958a331328c7db52\" style=\"color:#fb0606\"><strong>5. Fiil C\u00fcmlesi \u00c7e\u015fitleri<\/strong><\/h2>\n\n\n\n<h3 class=\"wp-block-heading\"><strong>1\ufe0f\u20e3 Ge\u00e7mi\u015f Zamanl\u0131 C\u00fcmleler (\u0627\u0644\u0645\u0627\u0636\u064a)<\/strong><\/h3>\n\n\n\n<ul class=\"wp-block-list\">\n<li><em>\u0633\u0627\u0641\u0631\u064e \u0639\u0644\u064a\u064c\u0651 \u0625\u0644\u0649 \u062a\u0631\u0643\u064a\u0627.<\/em> (Ali T\u00fcrkiye\u2019ye seyahat etti.)<\/li>\n\n\n\n<li><em>\u0623\u0643\u0644\u064e \u0627\u0644\u0648\u0644\u062f\u064f \u0627\u0644\u0637\u0639\u0627\u0645\u064e.<\/em> (\u00c7ocuk yeme\u011fi yedi.)<\/li>\n<\/ul>\n\n\n\n<h3 class=\"wp-block-heading\"><strong>2\ufe0f\u20e3 \u015eimdiki ve Geni\u015f Zamanl\u0131 C\u00fcmleler (\u0627\u0644\u0645\u0636\u0627\u0631\u0639)<\/strong><\/h3>\n\n\n\n<ul class=\"wp-block-list\">\n<li><em>\u064a\u0642\u0631\u0623\u064f \u0627\u0644\u0637\u0627\u0644\u0628\u064f \u0627\u0644\u0643\u062a\u0627\u0628\u064e.<\/em> (\u00d6\u011frenci kitab\u0131 okuyor.)<\/li>\n\n\n\n<li><em>\u062a\u062f\u0631\u0633\u064f \u0627\u0644\u0641\u062a\u0627\u0629\u064f \u0627\u0644\u062f\u0631\u0633\u064e.<\/em> (K\u0131z \u00f6\u011frenci dersi \u00e7al\u0131\u015f\u0131yor.)<\/li>\n<\/ul>\n\n\n\n<h3 class=\"wp-block-heading\"><strong>3\ufe0f\u20e3 Emir C\u00fcmleleri (\u0627\u0644\u0623\u0645\u0631)<\/strong><\/h3>\n\n\n\n<ul class=\"wp-block-list\">\n<li><em>\u0627\u0643\u062a\u0628\u0652 \u0627\u0644\u062c\u0645\u0644\u0629\u064e!<\/em> (C\u00fcmleyi yaz!)<\/li>\n\n\n\n<li><em>\u0627\u0630\u0647\u0628\u0652 \u0625\u0644\u0649 \u0627\u0644\u0633\u0648\u0642\u0650!<\/em> (Pazara git!)<\/li>\n<\/ul>\n\n\n\n<hr class=\"wp-block-separator has-alpha-channel-opacity\"\/>\n\n\n\n<h2 class=\"wp-block-heading has-text-color has-link-color wp-elements-34dbd1f996727b3571f7fdb0a57d9ee5\" style=\"color:#f30606\"><strong>6. C\u00fcmlede F\u00e2ilin A\u00e7\u0131k veya Gizli Olmas\u0131<\/strong><\/h2>\n\n\n\n<p>\u2714 <strong>F\u00e2il bazen a\u00e7\u0131k\u00e7a belirtilir:<\/strong><\/p>\n\n\n\n<ul class=\"wp-block-list\">\n<li><em>\u062c\u0627\u0621\u064e \u0627\u0644\u0645\u0639\u0644\u0645\u064f.<\/em> (\u00d6\u011fretmen geldi.) \u2192 F\u00e2il <strong>a\u00e7\u0131k\u00e7a yaz\u0131lm\u0131\u015ft\u0131r.<\/strong><\/li>\n<\/ul>\n\n\n\n<p>\u2714 <strong>Bazen gizlidir, fiilin sonundaki zamirden anla\u015f\u0131l\u0131r:<\/strong><\/p>\n\n\n\n<ul class=\"wp-block-list\">\n<li><em>\u0630\u0647\u0628\u062a\u064f \u0625\u0644\u0649 \u0627\u0644\u0645\u0633\u062c\u062f\u0650.<\/em> (Ben camiye gittim.) \u2192 <strong>Gizli f\u00e2il: &#8220;ben&#8221; (\u062a\u064f)<\/strong><\/li>\n\n\n\n<li><em>\u0646\u0630\u0647\u0628\u064f \u0625\u0644\u0649 \u0627\u0644\u0645\u062f\u0631\u0633\u0629\u0650.<\/em> (Biz okula gidiyoruz.) \u2192 <strong>Gizli f\u00e2il: &#8220;biz&#8221; (\u0646\u062d\u0646)<\/strong><\/li>\n<\/ul>\n\n\n\n<hr class=\"wp-block-separator has-alpha-channel-opacity\"\/>\n\n\n\n<h2 class=\"wp-block-heading has-text-color has-link-color wp-elements-3b1d630f32fdc5c4fd0a45fc27e30419\" style=\"color:#f80707\"><strong>7. Mef\u2019\u00fbls\u00fcz Fiil C\u00fcmleleri<\/strong><\/h2>\n\n\n\n<p>Baz\u0131 fiiller mef\u2019\u00fbls\u00fcz olarak kullan\u0131labilir:<\/p>\n\n\n\n<ul class=\"wp-block-list\">\n<li><em>\u0646\u0627\u0645\u064e \u0627\u0644\u0637\u0641\u0644\u064f.<\/em> (\u00c7ocuk uyudu.)<\/li>\n\n\n\n<li><em>\u062c\u0644\u0633\u064e \u0627\u0644\u0631\u062c\u0644\u064f.<\/em> (Adam oturdu.)<\/li>\n\n\n\n<li><em>\u0633\u0627\u0641\u0631\u064e \u0645\u062d\u0645\u062f\u064c.<\/em> (Muhammed yolculuk yapt\u0131.)<\/li>\n<\/ul>\n\n\n\n<p>Bu c\u00fcmlelerde sadece <strong>fiil ve f\u00e2il<\/strong> bulunur, mef\u2019\u00fbl yoktur.<\/p>\n\n\n\n<hr class=\"wp-block-separator has-alpha-channel-opacity\"\/>\n\n\n\n<h2 class=\"wp-block-heading has-text-color has-link-color wp-elements-66deab659a0d0d781e6eb42edf5a63d6\" style=\"color:#611919\"><strong>8. \u00d6zet<\/strong><\/h2>\n\n\n\n<p>\u2714 <strong>Fiil c\u00fcmlesi, fiil ile ba\u015flar.<\/strong><br>\u2714 <strong>Fiili yapan \u00f6zne (f\u00e2il) genellikle fiilden sonra gelir.<\/strong><br>\u2714 <strong>Fiilden etkilenen nesne (mef\u2019\u00fbl) genellikle en sonda olur.<\/strong><br>\u2714 <strong>F\u00e2il merfu (dammeli), mef\u2019\u00fbl ise mans\u00fbb (\u00fcst\u00fcnl\u00fc) olur.<\/strong><\/p>\n\n\n\n<p>\ud83d\udd39 <strong>\u00d6rnekler:<\/strong><\/p>\n\n\n\n<ul class=\"wp-block-list\">\n<li><em>\u0643\u062a\u0628\u064e \u0627\u0644\u0637\u0627\u0644\u0628\u064f \u0627\u0644\u062f\u0631\u0633\u064e.<\/em> (\u00d6\u011frenci dersi yazd\u0131.)<\/li>\n\n\n\n<li><em>\u0623\u0643\u0644\u064e \u0627\u0644\u0631\u062c\u0644\u064f \u0627\u0644\u062a\u0641\u0627\u062d\u0629\u064e.<\/em> (Adam elmay\u0131 yedi.)<\/li>\n\n\n\n<li><em>\u0642\u0631\u0623\u064e \u0639\u0644\u064a\u064c\u0651 \u0627\u0644\u0642\u0631\u0622\u0646\u064e.<\/em> (Ali Kur\u2019an\u2019\u0131 okudu.)<\/li>\n<\/ul>\n\n\n\n<hr class=\"wp-block-separator has-alpha-channel-opacity\"\/>\n\n\n\n<p><\/p>\n","protected":false},"excerpt":{"rendered":"<p>Fiil C\u00fcmlesi (\u0627\u0644\u062c\u0645\u0644\u0629 \u0627\u0644\u0641\u0639\u0644\u064a\u0629) \u2013 Fiil, F\u00e2il, Mef&#8217;\u00fbl Arap\u00e7a\u2019da fiil c\u00fcmlesi (\u0627\u0644\u062c\u0645\u0644\u0629 \u0627\u0644\u0641\u0639\u0644\u064a\u0629), fiille ba\u015flayan c\u00fcmlelerdir. Bu c\u00fcmleler genellikle fiil (\u0627\u0644\u0641\u0639\u0644), \u00f6zne yani f\u00e2il (\u0627\u0644\u0641\u0627\u0639\u0644) ve nesne yani mef\u2019\u00fbl (\u0627\u0644\u0645\u0641\u0639\u0648\u0644 \u0628\u0647) olmak \u00fczere \u00fc\u00e7 temel unsurdan olu\u015fur. 1. Fiil (\u0627\u0644\u0641\u0639\u0644) &hellip; <\/p>\n","protected":false},"author":1,"featured_media":0,"parent":17091,"menu_order":0,"comment_status":"closed","ping_status":"closed","template":"","meta":{"_bbp_topic_count":0,"_bbp_reply_count":0,"_bbp_total_topic_count":0,"_bbp_total_reply_count":0,"_bbp_voice_count":0,"_bbp_anonymous_reply_count":0,"_bbp_topic_count_hidden":0,"_bbp_reply_count_hidden":0,"_bbp_forum_subforum_count":0,"footnotes":""},"class_list":["post-22270","page","type-page","status-publish","hentry"],"jetpack_sharing_enabled":true,"jetpack_likes_enabled":true,"_links":{"self":[{"href":"https:\/\/arapca.com\/index.php\/wp-json\/wp\/v2\/pages\/22270","targetHints":{"allow":["GET"]}}],"collection":[{"href":"https:\/\/arapca.com\/index.php\/wp-json\/wp\/v2\/pages"}],"about":[{"href":"https:\/\/arapca.com\/index.php\/wp-json\/wp\/v2\/types\/page"}],"author":[{"embeddable":true,"href":"https:\/\/arapca.com\/index.php\/wp-json\/wp\/v2\/users\/1"}],"replies":[{"embeddable":true,"href":"https:\/\/arapca.com\/index.php\/wp-json\/wp\/v2\/comments?post=22270"}],"version-history":[{"count":2,"href":"https:\/\/arapca.com\/index.php\/wp-json\/wp\/v2\/pages\/22270\/revisions"}],"predecessor-version":[{"id":22274,"href":"https:\/\/arapca.com\/index.php\/wp-json\/wp\/v2\/pages\/22270\/revisions\/22274"}],"up":[{"embeddable":true,"href":"https:\/\/arapca.com\/index.php\/wp-json\/wp\/v2\/pages\/17091"}],"wp:attachment":[{"href":"https:\/\/arapca.com\/index.php\/wp-json\/wp\/v2\/media?parent=22270"}],"curies":[{"name":"wp","href":"https:\/\/api.w.org\/{rel}","templated":true}]}}