{"id":20950,"date":"2025-01-20T15:28:41","date_gmt":"2025-01-20T12:28:41","guid":{"rendered":"https:\/\/arapca.com\/?page_id=20950"},"modified":"2025-01-20T15:28:45","modified_gmt":"2025-01-20T12:28:45","slug":"tip","status":"publish","type":"page","link":"https:\/\/arapca.com\/index.php\/arapca-metinler\/tip\/","title":{"rendered":"T\u0131p"},"content":{"rendered":"\n<p>Arap\u00e7a T\u0131p ve Sa\u011fl\u0131k Konular\u0131nda Yaz\u0131lar<\/p>\n","protected":false},"excerpt":{"rendered":"<p>Arap\u00e7a T\u0131p ve Sa\u011fl\u0131k Konular\u0131nda Yaz\u0131lar<\/p>\n","protected":false},"author":1,"featured_media":0,"parent":15799,"menu_order":0,"comment_status":"closed","ping_status":"closed","template":"","meta":{"_bbp_topic_count":0,"_bbp_reply_count":0,"_bbp_total_topic_count":0,"_bbp_total_reply_count":0,"_bbp_voice_count":0,"_bbp_anonymous_reply_count":0,"_bbp_topic_count_hidden":0,"_bbp_reply_count_hidden":0,"_bbp_forum_subforum_count":0,"footnotes":""},"class_list":["post-20950","page","type-page","status-publish","hentry"],"jetpack_sharing_enabled":true,"jetpack_likes_enabled":true,"_links":{"self":[{"href":"https:\/\/arapca.com\/index.php\/wp-json\/wp\/v2\/pages\/20950","targetHints":{"allow":["GET"]}}],"collection":[{"href":"https:\/\/arapca.com\/index.php\/wp-json\/wp\/v2\/pages"}],"about":[{"href":"https:\/\/arapca.com\/index.php\/wp-json\/wp\/v2\/types\/page"}],"author":[{"embeddable":true,"href":"https:\/\/arapca.com\/index.php\/wp-json\/wp\/v2\/users\/1"}],"replies":[{"embeddable":true,"href":"https:\/\/arapca.com\/index.php\/wp-json\/wp\/v2\/comments?post=20950"}],"version-history":[{"count":1,"href":"https:\/\/arapca.com\/index.php\/wp-json\/wp\/v2\/pages\/20950\/revisions"}],"predecessor-version":[{"id":20951,"href":"https:\/\/arapca.com\/index.php\/wp-json\/wp\/v2\/pages\/20950\/revisions\/20951"}],"up":[{"embeddable":true,"href":"https:\/\/arapca.com\/index.php\/wp-json\/wp\/v2\/pages\/15799"}],"wp:attachment":[{"href":"https:\/\/arapca.com\/index.php\/wp-json\/wp\/v2\/media?parent=20950"}],"curies":[{"name":"wp","href":"https:\/\/api.w.org\/{rel}","templated":true}]}}