{"id":20946,"date":"2025-01-20T15:26:34","date_gmt":"2025-01-20T12:26:34","guid":{"rendered":"https:\/\/arapca.com\/?page_id=20946"},"modified":"2025-02-09T11:07:23","modified_gmt":"2025-02-09T08:07:23","slug":"ekonomi","status":"publish","type":"page","link":"https:\/\/arapca.com\/index.php\/arapca-metinler\/ekonomi\/","title":{"rendered":"Ekonomi"},"content":{"rendered":"\n<p>Arap\u00e7a Ekonomi \u0130\u00e7erikli  \u00d6rnek Yaz\u0131lar<\/p>\n\n\n\n<figure class=\"wp-block-image size-full\"><a href=\"https:\/\/arapca.com\/index.php\/arapca-metinler\/b2-ekonomi-ve-ticaret\/\"><img data-recalc-dims=\"1\" fetchpriority=\"high\" decoding=\"async\" width=\"640\" height=\"638\" src=\"https:\/\/i0.wp.com\/arapca.com\/wp-content\/uploads\/2025\/02\/ipekyolu.jpg?resize=640%2C638&#038;ssl=1\" alt=\"\" class=\"wp-image-22025\" srcset=\"https:\/\/i0.wp.com\/arapca.com\/wp-content\/uploads\/2025\/02\/ipekyolu.jpg?w=723&amp;ssl=1 723w, https:\/\/i0.wp.com\/arapca.com\/wp-content\/uploads\/2025\/02\/ipekyolu.jpg?resize=300%2C300&amp;ssl=1 300w, https:\/\/i0.wp.com\/arapca.com\/wp-content\/uploads\/2025\/02\/ipekyolu.jpg?resize=150%2C150&amp;ssl=1 150w, https:\/\/i0.wp.com\/arapca.com\/wp-content\/uploads\/2025\/02\/ipekyolu.jpg?resize=600%2C598&amp;ssl=1 600w, https:\/\/i0.wp.com\/arapca.com\/wp-content\/uploads\/2025\/02\/ipekyolu.jpg?resize=100%2C100&amp;ssl=1 100w\" sizes=\"(max-width: 640px) 100vw, 640px\" \/><\/a><\/figure>\n\n\n\n<p><a href=\"https:\/\/arapca.com\/index.php\/arapca-metinler\/b2-ekonomi-ve-ticaret\/\">\u0130slam D\u00fcnyas\u0131nda  ve D\u00fcnyada Ekonomi ve Ticaret<\/a><\/p>\n","protected":false},"excerpt":{"rendered":"<p>Arap\u00e7a Ekonomi \u0130\u00e7erikli \u00d6rnek Yaz\u0131lar \u0130slam D\u00fcnyas\u0131nda ve D\u00fcnyada Ekonomi ve Ticaret<\/p>\n","protected":false},"author":1,"featured_media":0,"parent":15799,"menu_order":0,"comment_status":"closed","ping_status":"closed","template":"","meta":{"_bbp_topic_count":0,"_bbp_reply_count":0,"_bbp_total_topic_count":0,"_bbp_total_reply_count":0,"_bbp_voice_count":0,"_bbp_anonymous_reply_count":0,"_bbp_topic_count_hidden":0,"_bbp_reply_count_hidden":0,"_bbp_forum_subforum_count":0,"advanced_seo_description":"","jetpack_seo_html_title":"","jetpack_seo_noindex":false,"footnotes":""},"class_list":["post-20946","page","type-page","status-publish","hentry"],"jetpack_sharing_enabled":true,"jetpack_likes_enabled":true,"_links":{"self":[{"href":"https:\/\/arapca.com\/index.php\/wp-json\/wp\/v2\/pages\/20946","targetHints":{"allow":["GET"]}}],"collection":[{"href":"https:\/\/arapca.com\/index.php\/wp-json\/wp\/v2\/pages"}],"about":[{"href":"https:\/\/arapca.com\/index.php\/wp-json\/wp\/v2\/types\/page"}],"author":[{"embeddable":true,"href":"https:\/\/arapca.com\/index.php\/wp-json\/wp\/v2\/users\/1"}],"replies":[{"embeddable":true,"href":"https:\/\/arapca.com\/index.php\/wp-json\/wp\/v2\/comments?post=20946"}],"version-history":[{"count":2,"href":"https:\/\/arapca.com\/index.php\/wp-json\/wp\/v2\/pages\/20946\/revisions"}],"predecessor-version":[{"id":22026,"href":"https:\/\/arapca.com\/index.php\/wp-json\/wp\/v2\/pages\/20946\/revisions\/22026"}],"up":[{"embeddable":true,"href":"https:\/\/arapca.com\/index.php\/wp-json\/wp\/v2\/pages\/15799"}],"wp:attachment":[{"href":"https:\/\/arapca.com\/index.php\/wp-json\/wp\/v2\/media?parent=20946"}],"curies":[{"name":"wp","href":"https:\/\/api.w.org\/{rel}","templated":true}]}}