{"id":20536,"date":"2025-01-12T13:16:59","date_gmt":"2025-01-12T10:16:59","guid":{"rendered":"https:\/\/arapca.com\/?page_id=20536"},"modified":"2025-01-12T13:18:20","modified_gmt":"2025-01-12T10:18:20","slug":"arapcada-isim-tamlamasi","status":"publish","type":"page","link":"https:\/\/arapca.com\/index.php\/arapca-dilbilgisi\/arapcada-isim-tamlamasi\/","title":{"rendered":"Arap\u00e7ada \u0130sim Tamlamas\u0131"},"content":{"rendered":"\n<p class=\"has-text-color has-link-color has-large-font-size wp-elements-0f72360bb774927c8fcb7d7205f3c156\" style=\"color:#f80707\">Arap\u00e7ada \u0130sim Tamlamas\u0131 (\u0625\u0636\u0627\u0641\u0629 &#8211; \u0130zafet Terkibi)<\/p>\n\n\n\n<p><strong>\u0130zafet Terkibi<\/strong>, Arap\u00e7ada bir isimle ba\u015fka bir ismin birbirine ba\u011flanmas\u0131yla olu\u015fan tamlama t\u00fcr\u00fcd\u00fcr. T\u00fcrk\u00e7ede &#8220;\u2026\u2019n\u0131n, \u2026\u2019in&#8221; \u015feklinde ifade edilen aitlik ve ba\u011flant\u0131 anlam\u0131n\u0131 ta\u015f\u0131r. Bu yap\u0131, genellikle iki isimden olu\u015fur: <strong>m\u00fczekker (tamlama ba\u015f\u0131)<\/strong> ve <strong>muz\u00e2f ileyh (tamlanan)<\/strong>.<\/p>\n\n\n\n<hr class=\"wp-block-separator has-alpha-channel-opacity\"\/>\n\n\n\n<h3 class=\"wp-block-heading has-text-color has-link-color wp-elements-1addb5ab042cb03eec04e23dc8e3d923\" style=\"color:#f60d0d\"><strong>1. \u0130zafet Terkibinin \u00d6zellikleri<\/strong><\/h3>\n\n\n\n<h4 class=\"wp-block-heading\"><strong>a. Yap\u0131<\/strong><\/h4>\n\n\n\n<ul class=\"wp-block-list\">\n<li><strong>Muz\u00e2f (\u0645\u064f\u0636\u0627\u0641):<\/strong> Tamlaman\u0131n ba\u015f\u0131ndaki isimdir.<\/li>\n\n\n\n<li><strong>Muz\u00e2f ileyh (\u0645\u064f\u0636\u0627\u0641 \u0625\u0644\u064a\u0647):<\/strong> Tamlanan isimdir.<\/li>\n<\/ul>\n\n\n\n<h4 class=\"wp-block-heading\"><strong>b. Kurallar<\/strong><\/h4>\n\n\n\n<ol class=\"wp-block-list\">\n<li><strong>Muz\u00e2f:<\/strong>\n<ul class=\"wp-block-list\">\n<li>Belirlilik tak\u0131s\u0131 (\u0627\u0644) almaz.<\/li>\n\n\n\n<li>Sonunda hi\u00e7bir tenvin olmaz (bir hareke ile biter).<\/li>\n<\/ul>\n<\/li>\n\n\n\n<li><strong>Muz\u00e2f ileyh:<\/strong>\n<ul class=\"wp-block-list\">\n<li>Her zaman <strong>cer h\u00e2linde<\/strong> (sonu esreli) bulunur.<\/li>\n\n\n\n<li>Belirli (\u0627\u0644 al\u0131rsa) veya belirsiz olabilir.<\/li>\n<\/ul>\n<\/li>\n<\/ol>\n\n\n\n<h4 class=\"wp-block-heading\"><strong>c. Anlam<\/strong><\/h4>\n\n\n\n<ul class=\"wp-block-list\">\n<li><strong>T\u00fcrk\u00e7e Terc\u00fcme:<\/strong> Tamlanan tamlamaya <strong>aitlik<\/strong> ya da <strong>ili\u015fki<\/strong> anlam\u0131 katar:\n<ul class=\"wp-block-list\">\n<li>&#8220;Ev <strong>sahibi<\/strong>&#8220;, &#8220;Kitab\u0131n <strong>sayfas\u0131<\/strong>&#8221; gibi.<\/li>\n<\/ul>\n<\/li>\n<\/ul>\n\n\n\n<hr class=\"wp-block-separator has-alpha-channel-opacity\"\/>\n\n\n\n<h3 class=\"wp-block-heading has-text-color has-link-color wp-elements-b3f573ccc5253c99db606f6b7831dc8d\" style=\"color:#f90a0a\"><strong>2. \u0130zafet Terkibinde Belirlilik ve Belirsizlik<\/strong><\/h3>\n\n\n\n<h4 class=\"wp-block-heading\"><strong>Belirli \u0130zafet Terkibi:<\/strong><\/h4>\n\n\n\n<ul class=\"wp-block-list\">\n<li>Muz\u00e2f ileyh belirli (\u0627\u0644 alm\u0131\u015f) ise, tamlaman\u0131n tamam\u0131 belirli olur.\n<ul class=\"wp-block-list\">\n<li>\u0643\u0650\u062a\u064e\u0627\u0628\u064f \u0627\u0644\u0637\u064e\u0651\u0627\u0644\u0650\u0628\u0650 \u2192 \u00d6\u011frencinin kitab\u0131 (Belirli).<\/li>\n<\/ul>\n<\/li>\n<\/ul>\n\n\n\n<h4 class=\"wp-block-heading\"><strong>Belirsiz \u0130zafet Terkibi:<\/strong><\/h4>\n\n\n\n<ul class=\"wp-block-list\">\n<li>Muz\u00e2f ileyh belirsiz ise, tamlaman\u0131n tamam\u0131 belirsiz olur.\n<ul class=\"wp-block-list\">\n<li>\u0643\u0650\u062a\u064e\u0627\u0628\u064f \u0637\u064e\u0627\u0644\u0650\u0628\u064d \u2192 Bir \u00f6\u011frencinin kitab\u0131 (Belirsiz).<\/li>\n<\/ul>\n<\/li>\n<\/ul>\n\n\n\n<hr class=\"wp-block-separator has-alpha-channel-opacity\"\/>\n\n\n\n<h3 class=\"wp-block-heading has-text-color has-link-color wp-elements-514bed22075cd71c91baa35fb18556cf\" style=\"color:#f70707\"><strong>3. \u0130zafet Terkibi T\u00fcrleri<\/strong><\/h3>\n\n\n\n<h4 class=\"wp-block-heading\"><strong>a. Aitlik \u0130zafeti (\u0625\u0636\u0627\u0641\u0629 \u0627\u0644\u0645\u0644\u0643\u064a\u0629):<\/strong><\/h4>\n\n\n\n<ul class=\"wp-block-list\">\n<li>Bir varl\u0131k bir ki\u015fiye veya ba\u015fka bir varl\u0131\u011fa aittir.\n<ul class=\"wp-block-list\">\n<li>\u0628\u064e\u064a\u0652\u062a\u064f \u0627\u0644\u0631\u064e\u0651\u062c\u064f\u0644\u0650 \u2192 Adam\u0131n evi.<\/li>\n\n\n\n<li>\u0645\u064e\u0641\u0652\u062a\u064e\u0627\u062d\u064f \u0627\u0644\u0633\u064e\u0651\u064a\u064e\u0651\u0627\u0631\u064e\u0629\u0650 \u2192 Araban\u0131n anahtar\u0131.<\/li>\n<\/ul>\n<\/li>\n<\/ul>\n\n\n\n<h4 class=\"wp-block-heading\"><strong>b. Nitelik \u0130zafeti (\u0625\u0636\u0627\u0641\u0629 \u0627\u0644\u0648\u0635\u0641\u064a\u0629):<\/strong><\/h4>\n\n\n\n<ul class=\"wp-block-list\">\n<li>\u0130ki isim aras\u0131ndaki ili\u015fki nitelik bildirir.\n<ul class=\"wp-block-list\">\n<li>\u0628\u064e\u0627\u0628\u064f \u0627\u0644\u062e\u064e\u0634\u064e\u0628\u0650 \u2192 Ah\u015fap kap\u0131.<\/li>\n\n\n\n<li>\u0646\u064f\u0648\u0631\u064f \u0627\u0644\u0634\u064e\u0651\u0645\u0652\u0633\u0650 \u2192 G\u00fcne\u015fin \u0131\u015f\u0131\u011f\u0131.<\/li>\n<\/ul>\n<\/li>\n<\/ul>\n\n\n\n<h4 class=\"wp-block-heading\"><strong>c. \u00c7o\u011ful Yap\u0131larla \u0130zafet:<\/strong><\/h4>\n\n\n\n<ul class=\"wp-block-list\">\n<li>Muz\u00e2f veya muz\u00e2f ileyh \u00e7o\u011ful olabilir.\n<ul class=\"wp-block-list\">\n<li>\u0623\u064e\u0642\u0652\u0644\u064e\u0627\u0645\u064f \u0627\u0644\u0637\u064f\u0651\u0644\u064e\u0651\u0627\u0628\u0650 \u2192 \u00d6\u011frencilerin kalemleri.<\/li>\n\n\n\n<li>\u0643\u064f\u062a\u064f\u0628\u064f \u0627\u0644\u0645\u064f\u0639\u064e\u0644\u0650\u0651\u0645\u0650 \u2192 \u00d6\u011fretmenin kitaplar\u0131.<\/li>\n<\/ul>\n<\/li>\n<\/ul>\n\n\n\n<hr class=\"wp-block-separator has-alpha-channel-opacity\"\/>\n\n\n\n<h3 class=\"wp-block-heading has-text-color has-link-color wp-elements-803428aeb2fcd0e6c13116cd96867787\" style=\"color:#f60808\"><strong>4. \u0130zafet Terkibinde \u0130yelik Zamirleri<\/strong><\/h3>\n\n\n\n<p>\u0130zafet, iyelik zamirleriyle de olu\u015fturulabilir. Bu durumda muz\u00e2fa eklenen zamir, muz\u00e2f ileyhin yerine ge\u00e7er.<\/p>\n\n\n\n<figure class=\"wp-block-table\"><table class=\"has-fixed-layout\"><thead><tr><th><strong>\u0130yelik Zamiri<\/strong><\/th><th><strong>Muz\u00e2f (\u00d6rnek)<\/strong><\/th><th><strong>Anlam\u0131<\/strong><\/th><\/tr><\/thead><tbody><tr><td>\u0640\u0650\u064a<\/td><td>\u0643\u0650\u062a\u064e\u0627\u0628\u0650\u064a<\/td><td>Benim kitab\u0131m<\/td><\/tr><tr><td>\u0640\u064f\u0643\u064e<\/td><td>\u0643\u0650\u062a\u064e\u0627\u0628\u064f\u0643\u064e<\/td><td>Senin kitab\u0131n (eril)<\/td><\/tr><tr><td>\u0640\u064f\u0643\u0650<\/td><td>\u0643\u0650\u062a\u064e\u0627\u0628\u064f\u0643\u0650<\/td><td>Senin kitab\u0131n (di\u015fil)<\/td><\/tr><tr><td>\u0640\u064f\u0647\u064f<\/td><td>\u0643\u0650\u062a\u064e\u0627\u0628\u064f\u0647\u064f<\/td><td>Onun kitab\u0131 (eril)<\/td><\/tr><tr><td>\u0640\u064f\u0647\u064e\u0627<\/td><td>\u0643\u0650\u062a\u064e\u0627\u0628\u064f\u0647\u064e\u0627<\/td><td>Onun kitab\u0131 (di\u015fil)<\/td><\/tr><\/tbody><\/table><\/figure>\n\n\n\n<hr class=\"wp-block-separator has-alpha-channel-opacity\"\/>\n\n\n\n<h3 class=\"wp-block-heading has-text-color has-link-color wp-elements-8571d23cbb396278e20b80c07bfbcfab\" style=\"color:#f10c0c\"><strong>5. \u00d6rnekler ve Analiz<\/strong><\/h3>\n\n\n\n<h4 class=\"wp-block-heading\"><strong>a. Belirli \u0130zafet:<\/strong><\/h4>\n\n\n\n<ul class=\"wp-block-list\">\n<li>\u0643\u0650\u062a\u064e\u0627\u0628\u064f \u0627\u0644\u0637\u064e\u0651\u0627\u0644\u0650\u0628\u0650\n<ul class=\"wp-block-list\">\n<li>Muz\u00e2f: \u0643\u0650\u062a\u064e\u0627\u0628\u064f (Kitap)<\/li>\n\n\n\n<li>Muz\u00e2f ileyh: \u0627\u0644\u0637\u064e\u0651\u0627\u0644\u0650\u0628\u0650 (\u00d6\u011frenci)<\/li>\n\n\n\n<li>Anlam: \u00d6\u011frencinin kitab\u0131.<\/li>\n<\/ul>\n<\/li>\n<\/ul>\n\n\n\n<h4 class=\"wp-block-heading\"><strong>b. Belirsiz \u0130zafet:<\/strong><\/h4>\n\n\n\n<ul class=\"wp-block-list\">\n<li>\u0645\u064e\u0643\u0652\u062a\u064e\u0628\u064f \u0637\u064e\u0627\u0644\u0650\u0628\u064d\n<ul class=\"wp-block-list\">\n<li>Muz\u00e2f: \u0645\u064e\u0643\u0652\u062a\u064e\u0628\u064f (Ofis)<\/li>\n\n\n\n<li>Muz\u00e2f ileyh: \u0637\u064e\u0627\u0644\u0650\u0628\u064d (Bir \u00f6\u011frenci)<\/li>\n\n\n\n<li>Anlam: Bir \u00f6\u011frencinin ofisi.<\/li>\n<\/ul>\n<\/li>\n<\/ul>\n\n\n\n<h4 class=\"wp-block-heading\"><strong>c. \u00c7o\u011ful \u0130zafet:<\/strong><\/h4>\n\n\n\n<ul class=\"wp-block-list\">\n<li>\u0623\u064e\u0642\u0652\u0644\u064e\u0627\u0645\u064f \u0627\u0644\u0637\u064f\u0651\u0644\u064e\u0651\u0627\u0628\u0650\n<ul class=\"wp-block-list\">\n<li>Muz\u00e2f: \u0623\u064e\u0642\u0652\u0644\u064e\u0627\u0645\u064f (Kalemler)<\/li>\n\n\n\n<li>Muz\u00e2f ileyh: \u0627\u0644\u0637\u064f\u0651\u0644\u064e\u0651\u0627\u0628\u0650 (\u00d6\u011frenciler)<\/li>\n\n\n\n<li>Anlam: \u00d6\u011frencilerin kalemleri.<\/li>\n<\/ul>\n<\/li>\n<\/ul>\n\n\n\n<hr class=\"wp-block-separator has-alpha-channel-opacity\"\/>\n\n\n\n<h2 class=\"wp-block-heading has-text-color has-link-color wp-elements-8914b83e093d44c5f7a044abd6d81eb1\" style=\"color:#f80d0d\"><strong>6. Al\u0131\u015ft\u0131rmalar<\/strong><\/h2>\n\n\n\n<div class=\"h5p-iframe-wrapper\"><iframe id=\"h5p-iframe-118\" class=\"h5p-iframe\" data-content-id=\"118\" style=\"height:1px\" src=\"about:blank\" frameBorder=\"0\" scrolling=\"no\" title=\"\u0130zafet Terkibi-\u0130sim Tamlamas\u0131 Al\u0131\u015ft\u0131rmalar\u0131\"><\/iframe><\/div>\n\n\n\n<p><\/p>\n","protected":false},"excerpt":{"rendered":"<p>Arap\u00e7ada \u0130sim Tamlamas\u0131 (\u0625\u0636\u0627\u0641\u0629 &#8211; \u0130zafet Terkibi) \u0130zafet Terkibi, Arap\u00e7ada bir isimle ba\u015fka bir ismin birbirine ba\u011flanmas\u0131yla olu\u015fan tamlama t\u00fcr\u00fcd\u00fcr. T\u00fcrk\u00e7ede &#8220;\u2026\u2019n\u0131n, \u2026\u2019in&#8221; \u015feklinde ifade edilen aitlik ve ba\u011flant\u0131 anlam\u0131n\u0131 ta\u015f\u0131r. Bu yap\u0131, genellikle iki isimden olu\u015fur: m\u00fczekker (tamlama ba\u015f\u0131) &hellip; <\/p>\n","protected":false},"author":1,"featured_media":0,"parent":17091,"menu_order":0,"comment_status":"closed","ping_status":"closed","template":"","meta":{"_bbp_topic_count":0,"_bbp_reply_count":0,"_bbp_total_topic_count":0,"_bbp_total_reply_count":0,"_bbp_voice_count":0,"_bbp_anonymous_reply_count":0,"_bbp_topic_count_hidden":0,"_bbp_reply_count_hidden":0,"_bbp_forum_subforum_count":0,"footnotes":""},"class_list":["post-20536","page","type-page","status-publish","hentry"],"jetpack_sharing_enabled":true,"jetpack_likes_enabled":true,"_links":{"self":[{"href":"https:\/\/arapca.com\/index.php\/wp-json\/wp\/v2\/pages\/20536","targetHints":{"allow":["GET"]}}],"collection":[{"href":"https:\/\/arapca.com\/index.php\/wp-json\/wp\/v2\/pages"}],"about":[{"href":"https:\/\/arapca.com\/index.php\/wp-json\/wp\/v2\/types\/page"}],"author":[{"embeddable":true,"href":"https:\/\/arapca.com\/index.php\/wp-json\/wp\/v2\/users\/1"}],"replies":[{"embeddable":true,"href":"https:\/\/arapca.com\/index.php\/wp-json\/wp\/v2\/comments?post=20536"}],"version-history":[{"count":2,"href":"https:\/\/arapca.com\/index.php\/wp-json\/wp\/v2\/pages\/20536\/revisions"}],"predecessor-version":[{"id":20540,"href":"https:\/\/arapca.com\/index.php\/wp-json\/wp\/v2\/pages\/20536\/revisions\/20540"}],"up":[{"embeddable":true,"href":"https:\/\/arapca.com\/index.php\/wp-json\/wp\/v2\/pages\/17091"}],"wp:attachment":[{"href":"https:\/\/arapca.com\/index.php\/wp-json\/wp\/v2\/media?parent=20536"}],"curies":[{"name":"wp","href":"https:\/\/api.w.org\/{rel}","templated":true}]}}