{"id":20502,"date":"2025-01-11T18:39:19","date_gmt":"2025-01-11T15:39:19","guid":{"rendered":"https:\/\/arapca.com\/?page_id=20502"},"modified":"2025-01-11T18:39:23","modified_gmt":"2025-01-11T15:39:23","slug":"muzekker-ve-muennes-isimler","status":"publish","type":"page","link":"https:\/\/arapca.com\/index.php\/arapca-dilbilgisi\/muzekker-ve-muennes-isimler\/","title":{"rendered":"M\u00fczekker ve M\u00fcennes \u0130simler"},"content":{"rendered":"\n<p>Arap\u00e7a&#8217;da <strong>m\u00fcenneslik<\/strong> (di\u015fillik) ve <strong>m\u00fczekkerlik<\/strong> (erillik), isimlerin, s\u0131fatlar\u0131n ve zamirlerin cinsiyet \u00f6zelliklerini ifade eder. Bu konu, Arap\u00e7a dilbilgisinde \u00f6nemli bir yere sahiptir, \u00e7\u00fcnk\u00fc kelimeler aras\u0131nda cinsiyete dayal\u0131 bir uyum sa\u011flan\u0131r.<\/p>\n\n\n\n<h3 class=\"wp-block-heading has-text-color has-link-color wp-elements-946d1bb3da2521233203017f821299c5\" style=\"color:#f40505\"><strong>M\u00fczekker (Eril) ve M\u00fcennes (Di\u015fil)<\/strong><\/h3>\n\n\n\n<ol class=\"wp-block-list\">\n<li><strong>M\u00fczekker<\/strong>: Erkek varl\u0131klar\u0131 veya cinsiyeti belirtilmemi\u015f genel durumlar\u0131 ifade eder.\n<ul class=\"wp-block-list\">\n<li>\u00d6rnekler:\n<ul class=\"wp-block-list\">\n<li><strong>\u0631\u062c\u0644<\/strong> (adam)<\/li>\n\n\n\n<li><strong>\u0643\u062a\u0627\u0628<\/strong> (kitap)<\/li>\n\n\n\n<li><strong>\u0634\u0645\u0633<\/strong> (g\u00fcne\u015f &#8211; bu kelime di\u015fil kabul edilse de d\u0131\u015f g\u00f6r\u00fcn\u00fc\u015fte eril gibi durur)<\/li>\n<\/ul>\n<\/li>\n<\/ul>\n<\/li>\n\n\n\n<li><strong>M\u00fcennes<\/strong>: Kad\u0131n varl\u0131klar\u0131 ya da di\u015fil olan \u015feyleri ifade eder.\n<ul class=\"wp-block-list\">\n<li>\u00d6rnekler:\n<ul class=\"wp-block-list\">\n<li><strong>\u0627\u0645\u0631\u0623\u0629<\/strong> (kad\u0131n)<\/li>\n\n\n\n<li><strong>\u0637\u0627\u0644\u0628\u0629<\/strong> (k\u0131z \u00f6\u011frenci)<\/li>\n\n\n\n<li><strong>\u0633\u064a\u0627\u0631\u0629<\/strong> (araba)<\/li>\n<\/ul>\n<\/li>\n<\/ul>\n<\/li>\n<\/ol>\n\n\n\n<hr class=\"wp-block-separator has-alpha-channel-opacity\"\/>\n\n\n\n<h3 class=\"wp-block-heading has-text-color has-link-color wp-elements-35537cffe631035ed6c705126820b01d\" style=\"color:#f90101\"><strong>M\u00fcennesli\u011fi Belirleme Y\u00f6ntemleri<\/strong><\/h3>\n\n\n\n<ol class=\"wp-block-list\">\n<li><strong>Te harfi ile biten isimler<\/strong>:\n<ul class=\"wp-block-list\">\n<li>\u0130sim sonuna gelen <strong>\u0629<\/strong> harfi kelimenin di\u015fil oldu\u011funu g\u00f6sterir.\n<ul class=\"wp-block-list\">\n<li><strong>\u0637\u0627\u0644\u0628\u0629<\/strong> (k\u0131z \u00f6\u011frenci) \u2192 <strong>\u0637\u0627\u0644\u0628<\/strong> (erkek \u00f6\u011frenci)<\/li>\n\n\n\n<li><strong>\u0645\u0639\u0644\u0645\u0629<\/strong> (kad\u0131n \u00f6\u011fretmen) \u2192 <strong>\u0645\u0639\u0644\u0645<\/strong> (erkek \u00f6\u011fretmen)<\/li>\n<\/ul>\n<\/li>\n<\/ul>\n<\/li>\n\n\n\n<li><strong>Di\u015fil kabul edilen \u00f6zel kelimeler<\/strong>:\n<ul class=\"wp-block-list\">\n<li>Baz\u0131 kelimeler sonlar\u0131nda <strong>\u0629<\/strong> harfi olmamas\u0131na ra\u011fmen di\u015fildir.\n<ul class=\"wp-block-list\">\n<li><strong>\u0634\u0645\u0633<\/strong> (g\u00fcne\u015f)<\/li>\n\n\n\n<li><strong>\u0623\u0631\u0636<\/strong> (yer, toprak)<\/li>\n<\/ul>\n<\/li>\n<\/ul>\n<\/li>\n\n\n\n<li><strong>Canl\u0131larda cinsiyet fark\u0131<\/strong>:\n<ul class=\"wp-block-list\">\n<li>Baz\u0131 isimlerin eril ve di\u015fil kar\u015f\u0131l\u0131klar\u0131 farkl\u0131d\u0131r:\n<ul class=\"wp-block-list\">\n<li><strong>\u0623\u0633\u062f<\/strong> (erkek aslan) \u2192 <strong>\u0644\u0628\u0624\u0629<\/strong> (di\u015fi aslan)<\/li>\n\n\n\n<li><strong>\u062d\u0635\u0627\u0646<\/strong> (erkek at) \u2192 <strong>\u0641\u0631\u0633<\/strong> (di\u015fi at)<\/li>\n<\/ul>\n<\/li>\n<\/ul>\n<\/li>\n<\/ol>\n\n\n\n<hr class=\"wp-block-separator has-alpha-channel-opacity\"\/>\n\n\n\n<h3 class=\"wp-block-heading has-text-color has-link-color wp-elements-5a09deff91665c9c43e436b77405669a\" style=\"color:#fb0101\"><strong>M\u00fczekker ve M\u00fcennes Aras\u0131ndaki Uyumluluk<\/strong><\/h3>\n\n\n\n<p>Arap\u00e7a\u2019da s\u0131fatlar, fiiller ve zamirler isimlerle uyum sa\u011flamak zorundad\u0131r.<\/p>\n\n\n\n<h4 class=\"wp-block-heading\"><strong>S\u0131fat-Uyum \u00d6rne\u011fi<\/strong><\/h4>\n\n\n\n<ul class=\"wp-block-list\">\n<li>M\u00fczekker: <strong>\u0637\u0627\u0644\u0628 \u0645\u062c\u062a\u0647\u062f<\/strong> (\u00e7al\u0131\u015fkan erkek \u00f6\u011frenci)<\/li>\n\n\n\n<li>M\u00fcennes: <strong>\u0637\u0627\u0644\u0628\u0629 \u0645\u062c\u062a\u0647\u062f\u0629<\/strong> (\u00e7al\u0131\u015fkan k\u0131z \u00f6\u011frenci)<\/li>\n<\/ul>\n\n\n\n<h4 class=\"wp-block-heading\"><strong>Fiil-Uyum \u00d6rne\u011fi<\/strong><\/h4>\n\n\n\n<ul class=\"wp-block-list\">\n<li>M\u00fczekker: <strong>\u0627\u0644\u0648\u0644\u062f \u0643\u062a\u0628 \u0627\u0644\u062f\u0631\u0633<\/strong> (Erkek \u00e7ocuk dersi yazd\u0131.)<\/li>\n\n\n\n<li>M\u00fcennes: <strong>\u0627\u0644\u0628\u0646\u062a \u0643\u062a\u0628\u062a \u0627\u0644\u062f\u0631\u0633<\/strong> (K\u0131z \u00e7ocuk dersi yazd\u0131.)<\/li>\n<\/ul>\n\n\n\n<h4 class=\"wp-block-heading\"><strong>Zamir-Uyum \u00d6rne\u011fi<\/strong><\/h4>\n\n\n\n<ul class=\"wp-block-list\">\n<li>M\u00fczekker: <strong>\u0647\u0648 \u0630\u0643\u064a<\/strong> (O ak\u0131ll\u0131 &#8211; erkek i\u00e7in)<\/li>\n\n\n\n<li>M\u00fcennes: <strong>\u0647\u064a \u0630\u0643\u064a\u0629<\/strong> (O ak\u0131ll\u0131 &#8211; kad\u0131n i\u00e7in)<\/li>\n<\/ul>\n\n\n\n<hr class=\"wp-block-separator has-alpha-channel-opacity\"\/>\n\n\n\n<h3 class=\"wp-block-heading\"><strong>\u00d6rnek C\u00fcmleler<\/strong><\/h3>\n\n\n\n<ol class=\"wp-block-list\">\n<li><strong>M\u00fczekker:<\/strong>\n<ul class=\"wp-block-list\">\n<li><strong>\u0627\u0644\u0645\u0639\u0644\u0645 \u064a\u0634\u0631\u062d \u0627\u0644\u062f\u0631\u0633.<\/strong><br>(\u00d6\u011fretmen dersi a\u00e7\u0131kl\u0131yor.)<\/li>\n\n\n\n<li><strong>\u0647\u0648 \u064a\u0642\u0631\u0623 \u0627\u0644\u0643\u062a\u0627\u0628.<\/strong><br>(O, kitab\u0131 okuyor.)<\/li>\n<\/ul>\n<\/li>\n\n\n\n<li><strong>M\u00fcennes:<\/strong>\n<ul class=\"wp-block-list\">\n<li><strong>\u0627\u0644\u0645\u0639\u0644\u0645\u0629 \u062a\u0634\u0631\u062d \u0627\u0644\u062f\u0631\u0633.<\/strong><br>(Kad\u0131n \u00f6\u011fretmen dersi a\u00e7\u0131kl\u0131yor.)<\/li>\n\n\n\n<li><strong>\u0647\u064a \u062a\u0642\u0631\u0623 \u0627\u0644\u0643\u062a\u0627\u0628.<\/strong><br>(O, kitab\u0131 okuyor &#8211; kad\u0131n i\u00e7in.)<\/li>\n<\/ul>\n<\/li>\n<\/ol>\n\n\n\n<hr class=\"wp-block-separator has-alpha-channel-opacity\"\/>\n\n\n\n<h3 class=\"wp-block-heading has-text-color has-link-color wp-elements-16f59281c63319302e9b3e17b9d4adc1\" style=\"color:#f80404\"><strong>M\u00fcennes ve M\u00fczekkerin \u00d6nemi<\/strong><\/h3>\n\n\n\n<ul class=\"wp-block-list\">\n<li><strong>Dilbilgisel Uyum<\/strong>: S\u0131fatlar, fiiller ve zamirlerin, isimlerin cinsiyetine uygun olmas\u0131 gerekir.<\/li>\n\n\n\n<li><strong>Anlam\u0131n Do\u011frulu\u011fu<\/strong>: M\u00fcenneslik ve m\u00fczekkerlik do\u011fru kullan\u0131lmazsa, anlam bozukluklar\u0131 ortaya \u00e7\u0131kabilir.<\/li>\n<\/ul>\n\n\n\n<p><\/p>\n","protected":false},"excerpt":{"rendered":"<p>Arap\u00e7a&#8217;da m\u00fcenneslik (di\u015fillik) ve m\u00fczekkerlik (erillik), isimlerin, s\u0131fatlar\u0131n ve zamirlerin cinsiyet \u00f6zelliklerini ifade eder. Bu konu, Arap\u00e7a dilbilgisinde \u00f6nemli bir yere sahiptir, \u00e7\u00fcnk\u00fc kelimeler aras\u0131nda cinsiyete dayal\u0131 bir uyum sa\u011flan\u0131r. M\u00fczekker (Eril) ve M\u00fcennes (Di\u015fil) M\u00fcennesli\u011fi Belirleme Y\u00f6ntemleri M\u00fczekker ve &hellip; <\/p>\n","protected":false},"author":1,"featured_media":0,"parent":17091,"menu_order":0,"comment_status":"closed","ping_status":"closed","template":"","meta":{"_bbp_topic_count":0,"_bbp_reply_count":0,"_bbp_total_topic_count":0,"_bbp_total_reply_count":0,"_bbp_voice_count":0,"_bbp_anonymous_reply_count":0,"_bbp_topic_count_hidden":0,"_bbp_reply_count_hidden":0,"_bbp_forum_subforum_count":0,"advanced_seo_description":"","jetpack_seo_html_title":"","jetpack_seo_noindex":false,"footnotes":""},"class_list":["post-20502","page","type-page","status-publish","hentry"],"jetpack_sharing_enabled":true,"jetpack_likes_enabled":true,"_links":{"self":[{"href":"https:\/\/arapca.com\/index.php\/wp-json\/wp\/v2\/pages\/20502","targetHints":{"allow":["GET"]}}],"collection":[{"href":"https:\/\/arapca.com\/index.php\/wp-json\/wp\/v2\/pages"}],"about":[{"href":"https:\/\/arapca.com\/index.php\/wp-json\/wp\/v2\/types\/page"}],"author":[{"embeddable":true,"href":"https:\/\/arapca.com\/index.php\/wp-json\/wp\/v2\/users\/1"}],"replies":[{"embeddable":true,"href":"https:\/\/arapca.com\/index.php\/wp-json\/wp\/v2\/comments?post=20502"}],"version-history":[{"count":1,"href":"https:\/\/arapca.com\/index.php\/wp-json\/wp\/v2\/pages\/20502\/revisions"}],"predecessor-version":[{"id":20503,"href":"https:\/\/arapca.com\/index.php\/wp-json\/wp\/v2\/pages\/20502\/revisions\/20503"}],"up":[{"embeddable":true,"href":"https:\/\/arapca.com\/index.php\/wp-json\/wp\/v2\/pages\/17091"}],"wp:attachment":[{"href":"https:\/\/arapca.com\/index.php\/wp-json\/wp\/v2\/media?parent=20502"}],"curies":[{"name":"wp","href":"https:\/\/api.w.org\/{rel}","templated":true}]}}

Müzekker ve Müennes İsimler

<p>Arapça&#8217;da <strong>müenneslik</strong> (dişillik) ve <strong>müzekkerlik</strong> (erillik), isimlerin, sıfatların ve zamirlerin cinsiyet özelliklerini ifade eder. Bu konu, Arapça dilbilgisinde önemli bir yere sahiptir, çünkü kelimeler arasında cinsiyete dayalı bir uyum sağlanır.</p>



<h3 class="wp-block-heading has-text-color has-link-color wp-elements-946d1bb3da2521233203017f821299c5" style="color:#f40505"><strong>Müzekker (Eril) ve Müennes (Dişil)</strong></h3>



<ol class="wp-block-list">
<li><strong>Müzekker</strong>: Erkek varlıkları veya cinsiyeti belirtilmemiş genel durumları ifade eder.
<ul class="wp-block-list">
<li>Örnekler:
<ul class="wp-block-list">
<li><strong>رجل</strong> (adam)</li>



<li><strong>كتاب</strong> (kitap)</li>



<li><strong>شمس</strong> (güneş &#8211; bu kelime dişil kabul edilse de dış görünüşte eril gibi durur)</li>
</ul>
</li>
</ul>
</li>



<li><strong>Müennes</strong>: Kadın varlıkları ya da dişil olan şeyleri ifade eder.
<ul class="wp-block-list">
<li>Örnekler:
<ul class="wp-block-list">
<li><strong>امرأة</strong> (kadın)</li>



<li><strong>طالبة</strong> (kız öğrenci)</li>



<li><strong>سيارة</strong> (araba)</li>
</ul>
</li>
</ul>
</li>
</ol>



<hr class="wp-block-separator has-alpha-channel-opacity"/>



<h3 class="wp-block-heading has-text-color has-link-color wp-elements-35537cffe631035ed6c705126820b01d" style="color:#f90101"><strong>Müennesliği Belirleme Yöntemleri</strong></h3>



<ol class="wp-block-list">
<li><strong>Te harfi ile biten isimler</strong>:
<ul class="wp-block-list">
<li>İsim sonuna gelen <strong>ة</strong> harfi kelimenin dişil olduğunu gösterir.
<ul class="wp-block-list">
<li><strong>طالبة</strong> (kız öğrenci) → <strong>طالب</strong> (erkek öğrenci)</li>



<li><strong>معلمة</strong> (kadın öğretmen) → <strong>معلم</strong> (erkek öğretmen)</li>
</ul>
</li>
</ul>
</li>



<li><strong>Dişil kabul edilen özel kelimeler</strong>:
<ul class="wp-block-list">
<li>Bazı kelimeler sonlarında <strong>ة</strong> harfi olmamasına rağmen dişildir.
<ul class="wp-block-list">
<li><strong>شمس</strong> (güneş)</li>



<li><strong>أرض</strong> (yer, toprak)</li>
</ul>
</li>
</ul>
</li>



<li><strong>Canlılarda cinsiyet farkı</strong>:
<ul class="wp-block-list">
<li>Bazı isimlerin eril ve dişil karşılıkları farklıdır:
<ul class="wp-block-list">
<li><strong>أسد</strong> (erkek aslan) → <strong>لبؤة</strong> (dişi aslan)</li>



<li><strong>حصان</strong> (erkek at) → <strong>فرس</strong> (dişi at)</li>
</ul>
</li>
</ul>
</li>
</ol>



<hr class="wp-block-separator has-alpha-channel-opacity"/>



<h3 class="wp-block-heading has-text-color has-link-color wp-elements-5a09deff91665c9c43e436b77405669a" style="color:#fb0101"><strong>Müzekker ve Müennes Arasındaki Uyumluluk</strong></h3>



<p>Arapça’da sıfatlar, fiiller ve zamirler isimlerle uyum sağlamak zorundadır.</p>



<h4 class="wp-block-heading"><strong>Sıfat-Uyum Örneği</strong></h4>



<ul class="wp-block-list">
<li>Müzekker: <strong>طالب مجتهد</strong> (çalışkan erkek öğrenci)</li>



<li>Müennes: <strong>طالبة مجتهدة</strong> (çalışkan kız öğrenci)</li>
</ul>



<h4 class="wp-block-heading"><strong>Fiil-Uyum Örneği</strong></h4>



<ul class="wp-block-list">
<li>Müzekker: <strong>الولد كتب الدرس</strong> (Erkek çocuk dersi yazdı.)</li>



<li>Müennes: <strong>البنت كتبت الدرس</strong> (Kız çocuk dersi yazdı.)</li>
</ul>



<h4 class="wp-block-heading"><strong>Zamir-Uyum Örneği</strong></h4>



<ul class="wp-block-list">
<li>Müzekker: <strong>هو ذكي</strong> (O akıllı &#8211; erkek için)</li>



<li>Müennes: <strong>هي ذكية</strong> (O akıllı &#8211; kadın için)</li>
</ul>



<hr class="wp-block-separator has-alpha-channel-opacity"/>



<h3 class="wp-block-heading"><strong>Örnek Cümleler</strong></h3>



<ol class="wp-block-list">
<li><strong>Müzekker:</strong>
<ul class="wp-block-list">
<li><strong>المعلم يشرح الدرس.</strong><br>(Öğretmen dersi açıklıyor.)</li>



<li><strong>هو يقرأ الكتاب.</strong><br>(O, kitabı okuyor.)</li>
</ul>
</li>



<li><strong>Müennes:</strong>
<ul class="wp-block-list">
<li><strong>المعلمة تشرح الدرس.</strong><br>(Kadın öğretmen dersi açıklıyor.)</li>



<li><strong>هي تقرأ الكتاب.</strong><br>(O, kitabı okuyor &#8211; kadın için.)</li>
</ul>
</li>
</ol>



<hr class="wp-block-separator has-alpha-channel-opacity"/>



<h3 class="wp-block-heading has-text-color has-link-color wp-elements-16f59281c63319302e9b3e17b9d4adc1" style="color:#f80404"><strong>Müennes ve Müzekkerin Önemi</strong></h3>



<ul class="wp-block-list">
<li><strong>Dilbilgisel Uyum</strong>: Sıfatlar, fiiller ve zamirlerin, isimlerin cinsiyetine uygun olması gerekir.</li>



<li><strong>Anlamın Doğruluğu</strong>: Müenneslik ve müzekkerlik doğru kullanılmazsa, anlam bozuklukları ortaya çıkabilir.</li>
</ul>



<p></p>

<p>Arapça&#8217;da müenneslik (dişillik) ve müzekkerlik (erillik), isimlerin, sıfatların ve zamirlerin cinsiyet özelliklerini ifade eder. Bu konu, Arapça dilbilgisinde önemli bir yere sahiptir, çünkü kelimeler arasında cinsiyete dayalı bir uyum sağlanır. Müzekker (Eril) ve Müennes (Dişil) Müennesliği Belirleme Yöntemleri Müzekker ve &hellip; </p>
