{"id":20412,"date":"2025-01-09T10:44:47","date_gmt":"2025-01-09T07:44:47","guid":{"rendered":"https:\/\/arapca.com\/?page_id=20412"},"modified":"2026-03-23T17:08:49","modified_gmt":"2026-03-23T14:08:49","slug":"bu-kursta-neler-ogreneceksiniz","status":"publish","type":"page","link":"https:\/\/arapca.com\/index.php\/bu-kursta-neler-ogreneceksiniz\/","title":{"rendered":"Bu Kursta Neler \u00d6\u011freneceksiniz?"},"content":{"rendered":"\n<h3 class=\"wp-block-heading has-text-color has-link-color wp-elements-3585ac6164c0bfb39d114e0935bd728b\" style=\"color:#fa0505\"><strong>B2 KURS HEDEF VE \u0130\u00c7ER\u0130K<\/strong><\/h3>\n\n\n\n<h3 class=\"wp-block-heading has-text-color has-link-color wp-elements-d43c575cda3daa9e5aab9b45f95380c9\" style=\"color:#fa0808\"><strong>1. Dilbilgisi (\u0627\u0644\u0646\u064e\u0651\u062d\u0648 \u0648\u0627\u0644\u0635\u064e\u0651\u0631\u0641)<\/strong><\/h3>\n\n\n\n<ul class=\"wp-block-list\">\n<li><strong>Fiil \u00c7ekimleri (\u062a\u0635\u0631\u064a\u0641 \u0627\u0644\u0623\u0641\u0639\u0627\u0644):<\/strong>\n<ul class=\"wp-block-list\">\n<li>Muzari ve Emr fiil \u00e7ekimlerinin detayl\u0131 kullan\u0131m\u0131.<\/li>\n\n\n\n<li>\u00c7ift fiiller ve \u015feddeli fiillerin kullan\u0131m\u0131.<\/li>\n<\/ul>\n<\/li>\n\n\n\n<li><strong>C\u00fcmle Yap\u0131lar\u0131 (\u062a\u0631\u0643\u064a\u0628 \u0627\u0644\u062c\u064f\u0645\u0644):<\/strong>\n<ul class=\"wp-block-list\">\n<li>\u0130sim ve fiil c\u00fcmlelerinde ayr\u0131nt\u0131lar.<\/li>\n\n\n\n<li>Karma\u015f\u0131k c\u00fcmle yap\u0131lar\u0131 (\u015fart c\u00fcmleleri, ba\u011fla\u00e7larla geni\u015fletilmi\u015f c\u00fcmleler).<\/li>\n<\/ul>\n<\/li>\n\n\n\n<li><strong>Edatlar ve Ba\u011fla\u00e7lar (\u062d\u0631\u0648\u0641 \u0627\u0644\u062c\u0631 \u0648\u0627\u0644\u0639\u0637\u0641):<\/strong>\n<ul class=\"wp-block-list\">\n<li>Detayl\u0131 kullan\u0131m ve c\u00fcmle i\u00e7inde uygulama.<\/li>\n<\/ul>\n<\/li>\n\n\n\n<li><strong>Baz\u0131 Fiil \u00e7e\u015fitleri ve C\u00fcmleleri (\u0645\u062b\u0644 \u0638\u0646 \u0648\u0623\u062e\u0648\u0627\u062a\u0647\u0627):<\/strong>\n<ul class=\"wp-block-list\">\n<li>Ge\u00e7mi\u015f, \u015fimdiki zaman ve gelecek ba\u011flam\u0131nda kullan\u0131m.<\/li>\n<\/ul>\n<\/li>\n<\/ul>\n\n\n\n<h3 class=\"wp-block-heading has-text-color has-link-color wp-elements-46c280be26e4547047d6de744806e0bb\" style=\"color:#fa0202\"><strong>2. Kelime Da\u011farc\u0131\u011f\u0131 (\u0627\u0644\u0645\u0641\u0631\u062f\u0627\u062a)<\/strong><\/h3>\n\n\n\n<ul class=\"wp-block-list\">\n<li><strong>Geli\u015fmi\u015f Kelimeler:<\/strong>\n<ul class=\"wp-block-list\">\n<li>E\u011fitim, i\u015f d\u00fcnyas\u0131, din, seyahat, \u00e7evre, teknoloji gibi konularda kelime bilgisi.<\/li>\n<\/ul>\n<\/li>\n\n\n\n<li><strong>Deyimler ve Atas\u00f6zleri (\u0627\u0644\u062a\u064e\u0651\u0639\u0627\u0628\u064a\u0631 \u0648\u0627\u0644\u0623\u0645\u062b\u0627\u0644):<\/strong>\n<ul class=\"wp-block-list\">\n<li>G\u00fcnl\u00fck kullan\u0131mda s\u0131k\u00e7a ge\u00e7en ifadeler.<\/li>\n<\/ul>\n<\/li>\n\n\n\n<li><strong>E\u015f anlaml\u0131 ve z\u0131t anlaml\u0131 kelimeler (\u0627\u0644\u0645\u0631\u0627\u062f\u0641\u0627\u062a \u0648\u0627\u0644\u0623\u0636\u062f\u0627\u062f):<\/strong>\n<ul class=\"wp-block-list\">\n<li>Kelime bilgisini derinle\u015ftirmek i\u00e7in \u00f6zel \u00e7al\u0131\u015fmalar.<\/li>\n<\/ul>\n<\/li>\n<\/ul>\n\n\n\n<h3 class=\"wp-block-heading has-text-color has-link-color wp-elements-b5fcc52307dc89360dcff796e3da8ccf\" style=\"color:#f60606\"><strong>3. Konu\u015fma Becerileri (\u0627\u0644\u0645\u062d\u0627\u062f\u062b\u0629)<\/strong><\/h3>\n\n\n\n<ul class=\"wp-block-list\">\n<li><strong>Geli\u015fmi\u015f Diyaloglar:<\/strong>\n<ul class=\"wp-block-list\">\n<li>Toplant\u0131larda, seyahatlerde, g\u00fcnl\u00fck hayatta ge\u00e7en diyaloglar.<\/li>\n<\/ul>\n<\/li>\n\n\n\n<li><strong>Konu\u015fma Egzersizleri:<\/strong>\n<ul class=\"wp-block-list\">\n<li>G\u00f6r\u00fc\u015f bildirme, tart\u0131\u015fma, \u00f6neriler sunma, fikirleri savunma.<\/li>\n<\/ul>\n<\/li>\n\n\n\n<li><strong>Telaffuz (\u0627\u0644\u0646\u064f\u0651\u0637\u0642):<\/strong>\n<ul class=\"wp-block-list\">\n<li>Harflerin do\u011fru ve ak\u0131c\u0131 bir \u015fekilde telaffuzu.<\/li>\n<\/ul>\n<\/li>\n<\/ul>\n\n\n\n<h3 class=\"wp-block-heading has-text-color has-link-color wp-elements-d9869ffcaeb5bb50a93f50f4e80ffb92\" style=\"color:#fb0404\"><strong>4. Okuma Becerileri (\u0627\u0644\u0642\u0650\u0631\u0627\u0621\u0629)<\/strong><\/h3>\n\n\n\n<ul class=\"wp-block-list\">\n<li><strong>Metin T\u00fcrleri:<\/strong>\n<ul class=\"wp-block-list\">\n<li>Haber metinleri, dergi makaleleri, edebi eserlerden b\u00f6l\u00fcmler.<\/li>\n<\/ul>\n<\/li>\n\n\n\n<li><strong>Okuma Egzersizleri:<\/strong>\n<ul class=\"wp-block-list\">\n<li>Ana fikir bulma, detaylar\u0131 anlama, ba\u011flamdan kelime \u00e7\u0131kar\u0131m\u0131 yapma.<\/li>\n<\/ul>\n<\/li>\n<\/ul>\n\n\n\n<h3 class=\"wp-block-heading has-text-color has-link-color wp-elements-d1fdc98b66aa609b1c4e4930431b6f43\" style=\"color:#fb0404\"><strong>5. Yazma Becerileri (\u0627\u0644\u0643\u0650\u062a\u0627\u0628\u0629)<\/strong><\/h3>\n\n\n\n<ul class=\"wp-block-list\">\n<li><strong>Kompozisyon Yazma:<\/strong>\n<ul class=\"wp-block-list\">\n<li>G\u00fcnl\u00fck hayata dair detayl\u0131 kompozisyonlar.<\/li>\n\n\n\n<li>Mektuplar, e-postalar, rapor yaz\u0131m\u0131.<\/li>\n<\/ul>\n<\/li>\n\n\n\n<li><strong>Yaz\u0131m Kurallar\u0131 (\u0642\u0648\u0627\u0639\u062f \u0627\u0644\u0643\u062a\u0627\u0628\u0629):<\/strong>\n<ul class=\"wp-block-list\">\n<li>Noktalama i\u015faretleri ve do\u011fru yaz\u0131m teknikleri.<\/li>\n<\/ul>\n<\/li>\n<\/ul>\n\n\n\n<h3 class=\"wp-block-heading has-text-color has-link-color wp-elements-66fb99059ff108e60573adbc40d48392\" style=\"color:#fa0606\"><strong>6. Dinleme Becerileri (\u0627\u0644\u0627\u0633\u062a\u0645\u0627\u0639)<\/strong><\/h3>\n\n\n\n<ul class=\"wp-block-list\">\n<li><strong>Dinleme Metinleri:<\/strong>\n<ul class=\"wp-block-list\">\n<li>G\u00fcnl\u00fck konu\u015fmalar, hikayeler, haber programlar\u0131.<\/li>\n<\/ul>\n<\/li>\n\n\n\n<li><strong>Egzersizler:<\/strong>\n<ul class=\"wp-block-list\">\n<li>Duyduklar\u0131n\u0131 anlama ve detaylar\u0131 aktarma.<\/li>\n<\/ul>\n<\/li>\n<\/ul>\n\n\n\n<h3 class=\"wp-block-heading has-text-color has-link-color wp-elements-0f8071a55b85b6e87b17f269ebd2db30\" style=\"color:#f90202\"><strong>7. K\u00fclt\u00fcrel \u0130\u00e7erik (\u0627\u0644\u062b\u0642\u0627\u0641\u0629 \u0627\u0644\u0639\u0631\u0628\u064a\u0629)<\/strong><\/h3>\n\n\n\n<ul class=\"wp-block-list\">\n<li><strong>Arap K\u00fclt\u00fcr\u00fc ve Gelenekleri:<\/strong>\n<ul class=\"wp-block-list\">\n<li>Yemek, misafirlik, d\u00fc\u011f\u00fcn ve bayram gelenekleri.<\/li>\n<\/ul>\n<\/li>\n\n\n\n<li><strong>Edebiyat ve Sanat:<\/strong>\n<ul class=\"wp-block-list\">\n<li>Arap edebiyat\u0131ndan se\u00e7meler, \u015fairler ve \u00f6nemli eserler.<\/li>\n<\/ul>\n<\/li>\n<\/ul>\n\n\n\n<h3 class=\"wp-block-heading has-text-color has-link-color wp-elements-76101690dea9927e548b614cf6d2bff0\" style=\"color:#fe0606\"><strong>8. S\u0131navlar ve De\u011ferlendirme (\u0627\u0644\u0627\u062e\u062a\u0628\u0627\u0631\u0627\u062a \u0648\u0627\u0644\u062a\u0642\u064a\u064a\u0645)<\/strong><\/h3>\n\n\n\n<ul class=\"wp-block-list\">\n<li><strong>Ara ve Final S\u0131navlar\u0131:<\/strong>\n<ul class=\"wp-block-list\">\n<li>Dilbilgisi, kelime bilgisi, yazma ve konu\u015fma becerilerini \u00f6l\u00e7en s\u0131navlar.<\/li>\n<\/ul>\n<\/li>\n\n\n\n<li><strong>Pratik Egzersizler:<\/strong>\n<ul class=\"wp-block-list\">\n<li>Dinleme ve okuma metinleri \u00fczerinden de\u011ferlendirmeler.<\/li>\n<\/ul>\n<\/li>\n<\/ul>\n\n\n\n<h2 class=\"wp-block-heading has-text-color has-link-color wp-elements-9f23347cc2f8de4fdb3bb790271b4bf8\" style=\"color:#f90606\">Kursa Nas\u0131l \u00c7al\u0131\u015fmal\u0131s\u0131n\u0131z?<\/h2>\n\n\n\n<!--more-->\n\n\n\n<h1 class=\"wp-block-heading\"><strong>Verimli Kurs \u00c7al\u0131\u015fma Plan\u0131:<\/strong><\/h1>\n\n\n<div class=\"wp-block-image\">\n<figure class=\"aligncenter\"><img data-recalc-dims=\"1\" loading=\"lazy\" decoding=\"async\" width=\"300\" height=\"225\" src=\"https:\/\/i0.wp.com\/arapca.com\/wp-content\/uploads\/2024\/12\/create-a-highly-detailed-sharply-focused-image-of-a-diverse.png?resize=300%2C225&#038;ssl=1\" alt=\"\" class=\"wp-image-20066\" srcset=\"https:\/\/i0.wp.com\/arapca.com\/wp-content\/uploads\/2024\/12\/create-a-highly-detailed-sharply-focused-image-of-a-diverse.png?resize=300%2C225&amp;ssl=1 300w, https:\/\/i0.wp.com\/arapca.com\/wp-content\/uploads\/2024\/12\/create-a-highly-detailed-sharply-focused-image-of-a-diverse.png?resize=768%2C576&amp;ssl=1 768w, https:\/\/i0.wp.com\/arapca.com\/wp-content\/uploads\/2024\/12\/create-a-highly-detailed-sharply-focused-image-of-a-diverse.png?resize=400%2C300&amp;ssl=1 400w, https:\/\/i0.wp.com\/arapca.com\/wp-content\/uploads\/2024\/12\/create-a-highly-detailed-sharply-focused-image-of-a-diverse.png?resize=600%2C450&amp;ssl=1 600w, https:\/\/i0.wp.com\/arapca.com\/wp-content\/uploads\/2024\/12\/create-a-highly-detailed-sharply-focused-image-of-a-diverse.png?w=1024&amp;ssl=1 1024w\" sizes=\"auto, (max-width: 300px) 100vw, 300px\" \/><\/figure>\n<\/div>\n\n\n<ol class=\"wp-block-list\">\n<li>Her \u00dcnitenin ba\u015f\u0131nda o \u00fcnitede \u00f6\u011frenece\u011finiz <strong>kelime ve deyimler<\/strong> yer al\u0131yor. \u00d6nce kelimeleri ve deyimleri g\u00f6zden ge\u00e7irerek ba\u015flay\u0131n. \u00d6nce kelimelerin telaffuzunu dinleyin. Sonra siz okuyun. Kelimelerin anlamlar\u0131n\u0131 kavramaya \u00e7al\u0131\u015f\u0131n. Al\u0131\u015ft\u0131rmalar\u0131 \u00e7\u00f6zerek kelime bilgilerinizi peki\u015ftirin.<\/li>\n\n\n\n<li>&nbsp;<strong>Okuma Metinlerini<\/strong> \u00f6nce dinleyin ve anlamaya \u00e7al\u0131\u015f\u0131n. Sonra onlar\u0131 siz okuyarak hem kelime bilginizi, hem de c\u00fcmle yap\u0131lar\u0131n\u0131 daha iyi \u00f6\u011frenin.&nbsp; Metinlerini ne kadar anlad\u0131\u011f\u0131n\u0131z\u0131 ve onlar\u0131 kendi c\u00fcmleleriniz ile yeniden kurma ve konu hakk\u0131nda konu\u015fabilme yetene\u011finizi geli\u015ftirebilmek i\u00e7in metinle ilgili sorulara cevap verin ve metnin al\u0131\u015ft\u0131rmalar\u0131n\u0131 \u00e7\u00f6z\u00fcn. B\u00f6ylece \u00fcnite ile ilgili bilgileriniz daha iyi peki\u015fecektir.<\/li>\n\n\n\n<li><strong>Dilbilgisi <\/strong>Kurallar\u0131n\u0131 anlayarak okuyun. Bu kurallar size dili daha derinlemesine kavrama yetene\u011fi kazand\u0131racakt\u0131r. Metinde ge\u00e7en kelime ve c\u00fcmlelerde bu kurallar\u0131 aray\u0131n. Benzer \u00f6rnekler bularak bu kurallar\u0131 ba\u015fka metinler \u00fczerinde de test edin.<\/li>\n\n\n\n<li><strong>Al\u0131\u015ft\u0131rmalar <\/strong>konun tam olarak kavranmas\u0131na yard\u0131mc\u0131 olan unsurlard\u0131r. Ba\u015flang\u0131\u00e7ta siz konuyu kavrasan\u0131z da al\u0131\u015ft\u0131rmalarla bunu peki\u015ftirmedi\u011finiz s\u00fcrece bu kal\u0131c\u0131 hale d\u00f6n\u00fc\u015fmez ve bir s\u00fcre sonra unutulmaya mahkum olur. Al\u0131\u015ft\u0131rmalar\u0131 ihmal etmeyin ve \u00dcnite testini de \u00e7\u00f6zerek son noktay\u0131 koyun.<\/li>\n\n\n\n<li>Dil &#8220;<strong>tekrar<\/strong>&#8220;d\u0131r. Her \u00f6\u011frendi\u011finiz bilgi \u00f6nce zihninizin \u00f6n belle\u011fine ge\u00e7ici olarak kaydedilir. Sonra bunu kal\u0131c\u0131 haf\u0131zaya aktarmak i\u00e7in tekrar tekrar kullanmak gerekir. \u00d6\u011frendi\u011finiz g\u00fcnl\u00fck bilgileri mutlaka ertesi g\u00fcn de g\u00f6zden ge\u00e7irip tekrar edin, haftal\u0131k \u00f6\u011frendi\u011finiz bilgileri de ertesi hafta tekrar edin. Her ay sonunda o ay \u00f6\u011frendiklerinizi g\u00f6zden ge\u00e7irip peki\u015ftirin.<\/li>\n\n\n\n<li>Okumay\u0131 geli\u015ftirmenin yolu bol bol okuma par\u00e7as\u0131 <strong>okumak<\/strong>tan ge\u00e7er. Herg\u00fcn en az 10 dakikan\u0131z\u0131 bir\u015feyleri okumaya ay\u0131r\u0131n.<\/li>\n\n\n\n<li>Anlamay\u0131 geli\u015ftirmenin yolu bol bol <strong>dinlemek<\/strong>ten ge\u00e7er. Herg\u00fcn en az 10 dakika Arap\u00e7a bir\u015feyler dinleyin. Ama dinledi\u011finiz \u015feyler \u00f6\u011frendi\u011finiz konular\u0131 peki\u015ftirici i\u00e7erikte olsun.<\/li>\n\n\n\n<li>Yazmay\u0131 geli\u015ftirmenin yolu bol bol <strong>yazmak<\/strong>tan ge\u00e7er. Her g\u00fcn 10 dakikan\u0131z\u0131 yazmaya ay\u0131r\u0131n. \u00d6\u011frendi\u011finiz yeni bilgileri Arap\u00e7a olarak yazmaya \u00e7al\u0131\u015f\u0131n. Yanl\u0131\u015f yazm\u0131\u015f olmaktan korkmay\u0131n. Hata yapmadan \u00f6\u011frenilmez. Hatadan korkanlar \u00f6\u011frenemez.<\/li>\n\n\n\n<li>Konu\u015fmay\u0131 geli\u015ftirmenin yolu bol bol <strong>konu\u015fmak<\/strong>tan ge\u00e7er. Her \u00f6\u011frendi\u011finiz kelimeyi basit de olsa bir c\u00fcmlede kullan\u0131n. \u00d6nce basit c\u00fcmleler kurun sonra bu basit c\u00fcmlelere yeni kelimeler ve ibareler ekleyerek c\u00fcmlelerinizi b\u00fcy\u00fct\u00fcn. Sizin gibi Arap\u00e7a \u00f6\u011frenen arkada\u015flar\u0131n\u0131zla vakit bulduk\u00e7a konu\u015fma al\u0131\u015ft\u0131rmalar\u0131 yap\u0131n. Aran\u0131zda 10 dakika T\u00fcrk\u00e7e konu\u015fmay\u0131 yasaklay\u0131n ve 10 dakika boyunca sadece Arap\u00e7a konu\u015fun. Keyif ald\u0131k\u00e7a ve ba\u015fard\u0131k\u00e7a bu s\u00fcre uzayacakt\u0131r. Online konu\u015fabilece\u011finiz ana dili Arap\u00e7a olan arkada\u015flar bulun. Siz onlara T\u00fcrk\u00e7e; onlar size Arap\u00e7a konu\u015fma konusunda dil de\u011fi\u015fimi ile birbirinize yard\u0131mc\u0131 olun.<\/li>\n\n\n\n<li>Unutmay\u0131n, &#8220;<strong><em>Ba\u015far\u0131 gayrete a\u015f\u0131kt\u0131r<\/em><\/strong>&#8220;. Gayretiniz daim olsun! Ba\u015far\u0131 kendili\u011finden gelecektir.<\/li>\n<\/ol>\n\n\n<div class=\"wp-block-image\">\n<figure class=\"aligncenter\"><img data-recalc-dims=\"1\" loading=\"lazy\" decoding=\"async\" width=\"225\" height=\"300\" src=\"https:\/\/i0.wp.com\/arapca.com\/wp-content\/uploads\/2025\/01\/IMG_20140918_081653.jpg?resize=225%2C300&#038;ssl=1\" alt=\"\" class=\"wp-image-20241\" srcset=\"https:\/\/i0.wp.com\/arapca.com\/wp-content\/uploads\/2025\/01\/IMG_20140918_081653-scaled.jpg?resize=225%2C300&amp;ssl=1 225w, https:\/\/i0.wp.com\/arapca.com\/wp-content\/uploads\/2025\/01\/IMG_20140918_081653-scaled.jpg?resize=768%2C1024&amp;ssl=1 768w, https:\/\/i0.wp.com\/arapca.com\/wp-content\/uploads\/2025\/01\/IMG_20140918_081653-scaled.jpg?resize=1152%2C1536&amp;ssl=1 1152w, https:\/\/i0.wp.com\/arapca.com\/wp-content\/uploads\/2025\/01\/IMG_20140918_081653-scaled.jpg?resize=1536%2C2048&amp;ssl=1 1536w, https:\/\/i0.wp.com\/arapca.com\/wp-content\/uploads\/2025\/01\/IMG_20140918_081653-scaled.jpg?resize=600%2C800&amp;ssl=1 600w, https:\/\/i0.wp.com\/arapca.com\/wp-content\/uploads\/2025\/01\/IMG_20140918_081653-scaled.jpg?w=1920&amp;ssl=1 1920w, https:\/\/i0.wp.com\/arapca.com\/wp-content\/uploads\/2025\/01\/IMG_20140918_081653-scaled.jpg?w=1280&amp;ssl=1 1280w\" sizes=\"auto, (max-width: 225px) 100vw, 225px\" \/><\/figure>\n<\/div>\n\n\n<div class=\"wp-block-buttons is-layout-flex wp-block-buttons-is-layout-flex\">\n<div class=\"wp-block-button\"><a class=\"wp-block-button__link wp-element-button\" href=\"https:\/\/arapca.com\/index.php\/courses\/b2-arapca-kursu\/\"><strong>KURSA G\u0130T!<\/strong><\/a><\/div>\n<\/div>\n\n\n\n<p class=\"has-text-align-center has-title-color has-text-color has-link-color has-large-font-size wp-elements-78c50c926d67fa1f59d931893329e58a\"><\/p>\n","protected":false},"excerpt":{"rendered":"<p>B2 KURS HEDEF VE \u0130\u00c7ER\u0130K 1. Dilbilgisi (\u0627\u0644\u0646\u064e\u0651\u062d\u0648 \u0648\u0627\u0644\u0635\u064e\u0651\u0631\u0641) 2. Kelime Da\u011farc\u0131\u011f\u0131 (\u0627\u0644\u0645\u0641\u0631\u062f\u0627\u062a) 3. Konu\u015fma Becerileri (\u0627\u0644\u0645\u062d\u0627\u062f\u062b\u0629) 4. Okuma Becerileri (\u0627\u0644\u0642\u0650\u0631\u0627\u0621\u0629) 5. Yazma Becerileri (\u0627\u0644\u0643\u0650\u062a\u0627\u0628\u0629) 6. Dinleme Becerileri (\u0627\u0644\u0627\u0633\u062a\u0645\u0627\u0639) 7. K\u00fclt\u00fcrel \u0130\u00e7erik (\u0627\u0644\u062b\u0642\u0627\u0641\u0629 \u0627\u0644\u0639\u0631\u0628\u064a\u0629) 8. S\u0131navlar ve De\u011ferlendirme (\u0627\u0644\u0627\u062e\u062a\u0628\u0627\u0631\u0627\u062a \u0648\u0627\u0644\u062a\u0642\u064a\u064a\u0645) &hellip; <\/p>\n","protected":false},"author":1,"featured_media":0,"parent":0,"menu_order":0,"comment_status":"closed","ping_status":"closed","template":"","meta":{"_bbp_topic_count":0,"_bbp_reply_count":0,"_bbp_total_topic_count":0,"_bbp_total_reply_count":0,"_bbp_voice_count":0,"_bbp_anonymous_reply_count":0,"_bbp_topic_count_hidden":0,"_bbp_reply_count_hidden":0,"_bbp_forum_subforum_count":0,"footnotes":""},"class_list":["post-20412","page","type-page","status-publish","hentry"],"jetpack_sharing_enabled":true,"jetpack_likes_enabled":true,"_links":{"self":[{"href":"https:\/\/arapca.com\/index.php\/wp-json\/wp\/v2\/pages\/20412","targetHints":{"allow":["GET"]}}],"collection":[{"href":"https:\/\/arapca.com\/index.php\/wp-json\/wp\/v2\/pages"}],"about":[{"href":"https:\/\/arapca.com\/index.php\/wp-json\/wp\/v2\/types\/page"}],"author":[{"embeddable":true,"href":"https:\/\/arapca.com\/index.php\/wp-json\/wp\/v2\/users\/1"}],"replies":[{"embeddable":true,"href":"https:\/\/arapca.com\/index.php\/wp-json\/wp\/v2\/comments?post=20412"}],"version-history":[{"count":4,"href":"https:\/\/arapca.com\/index.php\/wp-json\/wp\/v2\/pages\/20412\/revisions"}],"predecessor-version":[{"id":26059,"href":"https:\/\/arapca.com\/index.php\/wp-json\/wp\/v2\/pages\/20412\/revisions\/26059"}],"wp:attachment":[{"href":"https:\/\/arapca.com\/index.php\/wp-json\/wp\/v2\/media?parent=20412"}],"curies":[{"name":"wp","href":"https:\/\/api.w.org\/{rel}","templated":true}]}}