{"id":19928,"date":"2024-12-11T12:11:22","date_gmt":"2024-12-11T09:11:22","guid":{"rendered":"https:\/\/arapca.com\/?page_id=19928"},"modified":"2024-12-11T12:11:25","modified_gmt":"2024-12-11T09:11:25","slug":"ismi-mensub-ism-i-mensub","status":"publish","type":"page","link":"https:\/\/arapca.com\/index.php\/ismi-mensub-ism-i-mensub\/","title":{"rendered":"\u0130smi Mensub (\u0130sm-i Mens\u00fbb)"},"content":{"rendered":"\n<h1 class=\"wp-block-heading has-text-align-center has-text-color has-link-color wp-elements-0f986ca44a965db33a1f389352e9c592\" style=\"color:#fb0505\">\u0627\u0633\u0645 \u0645\u0646\u0633\u0648\u0628<\/h1>\n\n\n\n<figure class=\"wp-block-embed is-type-video is-provider-youtube wp-block-embed-youtube wp-embed-aspect-16-9 wp-has-aspect-ratio\"><div class=\"wp-block-embed__wrapper\">\n<iframe title=\"\u0130sm-i mensub arap\u00e7a dersleri\" width=\"640\" height=\"360\" src=\"https:\/\/www.youtube.com\/embed\/RrvzzeSscd4?feature=oembed\" frameborder=\"0\" allow=\"accelerometer; autoplay; clipboard-write; encrypted-media; gyroscope; picture-in-picture; web-share\" referrerpolicy=\"strict-origin-when-cross-origin\" allowfullscreen><\/iframe>\n<\/div><\/figure>\n\n\n\n<figure class=\"wp-block-embed is-type-video is-provider-youtube wp-block-embed-youtube wp-embed-aspect-16-9 wp-has-aspect-ratio\"><div class=\"wp-block-embed__wrapper\">\n<iframe title=\"S\u0131f\u0131rdan Arap\u00e7a \u00d6\u011freniyorum 96.DERS (\u0130SM-\u0130 MENSUB) - Necla Yasd\u0131man\" width=\"640\" height=\"360\" src=\"https:\/\/www.youtube.com\/embed\/00phbn9viNM?feature=oembed\" frameborder=\"0\" allow=\"accelerometer; autoplay; clipboard-write; encrypted-media; gyroscope; picture-in-picture; web-share\" referrerpolicy=\"strict-origin-when-cross-origin\" allowfullscreen><\/iframe>\n<\/div><\/figure>\n","protected":false},"excerpt":{"rendered":"<p>\u0627\u0633\u0645 \u0645\u0646\u0633\u0648\u0628<\/p>\n","protected":false},"author":1,"featured_media":0,"parent":0,"menu_order":0,"comment_status":"closed","ping_status":"closed","template":"","meta":{"_bbp_topic_count":0,"_bbp_reply_count":0,"_bbp_total_topic_count":0,"_bbp_total_reply_count":0,"_bbp_voice_count":0,"_bbp_anonymous_reply_count":0,"_bbp_topic_count_hidden":0,"_bbp_reply_count_hidden":0,"_bbp_forum_subforum_count":0,"advanced_seo_description":"","jetpack_seo_html_title":"","jetpack_seo_noindex":false,"footnotes":""},"class_list":["post-19928","page","type-page","status-publish","hentry"],"jetpack_sharing_enabled":true,"jetpack_likes_enabled":true,"_links":{"self":[{"href":"https:\/\/arapca.com\/index.php\/wp-json\/wp\/v2\/pages\/19928","targetHints":{"allow":["GET"]}}],"collection":[{"href":"https:\/\/arapca.com\/index.php\/wp-json\/wp\/v2\/pages"}],"about":[{"href":"https:\/\/arapca.com\/index.php\/wp-json\/wp\/v2\/types\/page"}],"author":[{"embeddable":true,"href":"https:\/\/arapca.com\/index.php\/wp-json\/wp\/v2\/users\/1"}],"replies":[{"embeddable":true,"href":"https:\/\/arapca.com\/index.php\/wp-json\/wp\/v2\/comments?post=19928"}],"version-history":[{"count":1,"href":"https:\/\/arapca.com\/index.php\/wp-json\/wp\/v2\/pages\/19928\/revisions"}],"predecessor-version":[{"id":19930,"href":"https:\/\/arapca.com\/index.php\/wp-json\/wp\/v2\/pages\/19928\/revisions\/19930"}],"wp:attachment":[{"href":"https:\/\/arapca.com\/index.php\/wp-json\/wp\/v2\/media?parent=19928"}],"curies":[{"name":"wp","href":"https:\/\/api.w.org\/{rel}","templated":true}]}}