{"id":19700,"date":"2024-12-01T11:10:37","date_gmt":"2024-12-01T08:10:37","guid":{"rendered":"https:\/\/arapca.com\/?page_id=19700"},"modified":"2024-12-01T11:13:11","modified_gmt":"2024-12-01T08:13:11","slug":"aysenin-cantasi","status":"publish","type":"page","link":"https:\/\/arapca.com\/index.php\/hikayeler\/a1-hikayeler\/aysenin-cantasi\/","title":{"rendered":"Ay\u015fe&#8217;nin \u00c7antas\u0131"},"content":{"rendered":"\n<p class=\"has-text-align-center has-text-color has-link-color has-huge-font-size wp-elements-d3f99311f7b8ecc6f6507d442e82959d\" style=\"color:#f70707\"><strong>\u062d\u064e\u0642\u0650\u064a\u0628\u064e\u0629 \u0639\u064e\u0627\u0626\u0650\u0634\u064e\u0629<\/strong><\/p>\n\n\n\n<p><code><div class=\"h5p-iframe-wrapper\"><iframe id=\"h5p-iframe-62\" class=\"h5p-iframe\" data-content-id=\"62\" style=\"height:1px\" src=\"about:blank\" frameBorder=\"0\" scrolling=\"no\" title=\"Ay\u015fe&#039;nin \u00c7antas\u0131\"><\/iframe><\/div><\/code><br><\/p>\n","protected":false},"excerpt":{"rendered":"<p>\u062d\u064e\u0642\u0650\u064a\u0628\u064e\u0629 \u0639\u064e\u0627\u0626\u0650\u0634\u064e\u0629<\/p>\n","protected":false},"author":1,"featured_media":0,"parent":19372,"menu_order":0,"comment_status":"closed","ping_status":"closed","template":"","meta":{"_bbp_topic_count":0,"_bbp_reply_count":0,"_bbp_total_topic_count":0,"_bbp_total_reply_count":0,"_bbp_voice_count":0,"_bbp_anonymous_reply_count":0,"_bbp_topic_count_hidden":0,"_bbp_reply_count_hidden":0,"_bbp_forum_subforum_count":0,"footnotes":""},"class_list":["post-19700","page","type-page","status-publish","hentry"],"jetpack_sharing_enabled":true,"jetpack_likes_enabled":true,"_links":{"self":[{"href":"https:\/\/arapca.com\/index.php\/wp-json\/wp\/v2\/pages\/19700","targetHints":{"allow":["GET"]}}],"collection":[{"href":"https:\/\/arapca.com\/index.php\/wp-json\/wp\/v2\/pages"}],"about":[{"href":"https:\/\/arapca.com\/index.php\/wp-json\/wp\/v2\/types\/page"}],"author":[{"embeddable":true,"href":"https:\/\/arapca.com\/index.php\/wp-json\/wp\/v2\/users\/1"}],"replies":[{"embeddable":true,"href":"https:\/\/arapca.com\/index.php\/wp-json\/wp\/v2\/comments?post=19700"}],"version-history":[{"count":2,"href":"https:\/\/arapca.com\/index.php\/wp-json\/wp\/v2\/pages\/19700\/revisions"}],"predecessor-version":[{"id":19703,"href":"https:\/\/arapca.com\/index.php\/wp-json\/wp\/v2\/pages\/19700\/revisions\/19703"}],"up":[{"embeddable":true,"href":"https:\/\/arapca.com\/index.php\/wp-json\/wp\/v2\/pages\/19372"}],"wp:attachment":[{"href":"https:\/\/arapca.com\/index.php\/wp-json\/wp\/v2\/media?parent=19700"}],"curies":[{"name":"wp","href":"https:\/\/api.w.org\/{rel}","templated":true}]}}