{"id":19328,"date":"2024-11-14T10:50:08","date_gmt":"2024-11-14T07:50:08","guid":{"rendered":"https:\/\/arapca.com\/?page_id=19328"},"modified":"2024-11-14T10:50:10","modified_gmt":"2024-11-14T07:50:10","slug":"tilki-ve-balikcil-kusu","status":"publish","type":"page","link":"https:\/\/arapca.com\/index.php\/a1-arapca-hikayeler\/tilki-ve-balikcil-kusu\/","title":{"rendered":"Tilki ve Bal\u0131k\u00e7\u0131l Ku\u015fu"},"content":{"rendered":"\n<p><a href=\"https:\/\/ia801703.us.archive.org\/8\/items\/Ar_Kids87_WH115\/%D8%A7%D9%84%D8%A8%D9%8A%D8%B6%D8%A7%D8%AA%20%D8%A7%D9%84%D8%AB%D9%84%D8%A7%D8%AB.pdf\">\u0627\u0644\u062b\u0639\u0644\u0628 \u0648 \u0627\u0644\u0645\u0627\u0644\u0643 \u0627\u0644\u062d\u0632\u064a\u0646<\/a><\/p>\n\n\n<div class=\"wp-block-image\">\n<figure class=\"aligncenter size-full\"><a href=\"https:\/\/ia801703.us.archive.org\/8\/items\/Ar_Kids87_WH115\/%D8%A7%D9%84%D8%AB%D8%B9%D9%84%D8%A8%20%D9%88%20%D9%85%D8%A7%D9%84%D9%83%20%D8%A7%D9%84%D8%AD%D8%B2%D9%8A%D9%86.pdf\"><img data-recalc-dims=\"1\" fetchpriority=\"high\" decoding=\"async\" width=\"511\" height=\"705\" src=\"https:\/\/i0.wp.com\/arapca.com\/wp-content\/uploads\/2024\/11\/tilkivebalikcil.jpg?resize=511%2C705&#038;ssl=1\" alt=\"\" class=\"wp-image-19329\" srcset=\"https:\/\/i0.wp.com\/arapca.com\/wp-content\/uploads\/2024\/11\/tilkivebalikcil.jpg?w=511&amp;ssl=1 511w, https:\/\/i0.wp.com\/arapca.com\/wp-content\/uploads\/2024\/11\/tilkivebalikcil.jpg?resize=217%2C300&amp;ssl=1 217w\" sizes=\"(max-width: 511px) 100vw, 511px\" \/><\/a><\/figure>\n<\/div>","protected":false},"excerpt":{"rendered":"<p>\u0627\u0644\u062b\u0639\u0644\u0628 \u0648 \u0627\u0644\u0645\u0627\u0644\u0643 \u0627\u0644\u062d\u0632\u064a\u0646<\/p>\n","protected":false},"author":2,"featured_media":0,"parent":18952,"menu_order":0,"comment_status":"closed","ping_status":"closed","template":"","meta":{"_bbp_topic_count":0,"_bbp_reply_count":0,"_bbp_total_topic_count":0,"_bbp_total_reply_count":0,"_bbp_voice_count":0,"_bbp_anonymous_reply_count":0,"_bbp_topic_count_hidden":0,"_bbp_reply_count_hidden":0,"_bbp_forum_subforum_count":0,"advanced_seo_description":"","jetpack_seo_html_title":"","jetpack_seo_noindex":false,"footnotes":""},"class_list":["post-19328","page","type-page","status-publish","hentry"],"jetpack_sharing_enabled":true,"jetpack_likes_enabled":true,"_links":{"self":[{"href":"https:\/\/arapca.com\/index.php\/wp-json\/wp\/v2\/pages\/19328","targetHints":{"allow":["GET"]}}],"collection":[{"href":"https:\/\/arapca.com\/index.php\/wp-json\/wp\/v2\/pages"}],"about":[{"href":"https:\/\/arapca.com\/index.php\/wp-json\/wp\/v2\/types\/page"}],"author":[{"embeddable":true,"href":"https:\/\/arapca.com\/index.php\/wp-json\/wp\/v2\/users\/2"}],"replies":[{"embeddable":true,"href":"https:\/\/arapca.com\/index.php\/wp-json\/wp\/v2\/comments?post=19328"}],"version-history":[{"count":1,"href":"https:\/\/arapca.com\/index.php\/wp-json\/wp\/v2\/pages\/19328\/revisions"}],"predecessor-version":[{"id":19330,"href":"https:\/\/arapca.com\/index.php\/wp-json\/wp\/v2\/pages\/19328\/revisions\/19330"}],"up":[{"embeddable":true,"href":"https:\/\/arapca.com\/index.php\/wp-json\/wp\/v2\/pages\/18952"}],"wp:attachment":[{"href":"https:\/\/arapca.com\/index.php\/wp-json\/wp\/v2\/media?parent=19328"}],"curies":[{"name":"wp","href":"https:\/\/api.w.org\/{rel}","templated":true}]}}