{"id":18504,"date":"2024-05-21T11:24:01","date_gmt":"2024-05-21T08:24:01","guid":{"rendered":"https:\/\/arapca.com\/?page_id=18504"},"modified":"2024-05-21T11:26:58","modified_gmt":"2024-05-21T08:26:58","slug":"sebzeler","status":"publish","type":"page","link":"https:\/\/arapca.com\/index.php\/a2-arapca\/sebzeler\/","title":{"rendered":"Sebzeler"},"content":{"rendered":"\n<p class=\"has-text-align-center has-huge-font-size\"><strong>\u0627\u0644\u062e\u0636\u0631\u0648\u0627\u062a<\/strong><\/p>\n\n\n\n<figure class=\"wp-block-embed is-type-video is-provider-youtube wp-block-embed-youtube wp-embed-aspect-16-9 wp-has-aspect-ratio\"><div class=\"wp-block-embed__wrapper\">\n<iframe title=\"Sebzeler Arap\u00e7a \u015eark\u0131 | \u0623\u0646\u0634\u0648\u062f\u0629 \u0627\u0644\u062e\u0636\u0631\u0648\u0627\u062a-Vegetables Song in Arabic\" width=\"640\" height=\"360\" src=\"https:\/\/www.youtube.com\/embed\/pd4OKh_OjYE?feature=oembed\" frameborder=\"0\" allow=\"accelerometer; autoplay; clipboard-write; encrypted-media; gyroscope; picture-in-picture; web-share\" referrerpolicy=\"strict-origin-when-cross-origin\" allowfullscreen><\/iframe>\n<\/div><\/figure>\n","protected":false},"excerpt":{"rendered":"<p>\u0627\u0644\u062e\u0636\u0631\u0648\u0627\u062a<\/p>\n","protected":false},"author":2,"featured_media":0,"parent":18129,"menu_order":0,"comment_status":"closed","ping_status":"closed","template":"","meta":{"_bbp_topic_count":0,"_bbp_reply_count":0,"_bbp_total_topic_count":0,"_bbp_total_reply_count":0,"_bbp_voice_count":0,"_bbp_anonymous_reply_count":0,"_bbp_topic_count_hidden":0,"_bbp_reply_count_hidden":0,"_bbp_forum_subforum_count":0,"advanced_seo_description":"","jetpack_seo_html_title":"","jetpack_seo_noindex":false,"footnotes":""},"class_list":["post-18504","page","type-page","status-publish","hentry"],"jetpack_sharing_enabled":true,"jetpack_likes_enabled":true,"_links":{"self":[{"href":"https:\/\/arapca.com\/index.php\/wp-json\/wp\/v2\/pages\/18504","targetHints":{"allow":["GET"]}}],"collection":[{"href":"https:\/\/arapca.com\/index.php\/wp-json\/wp\/v2\/pages"}],"about":[{"href":"https:\/\/arapca.com\/index.php\/wp-json\/wp\/v2\/types\/page"}],"author":[{"embeddable":true,"href":"https:\/\/arapca.com\/index.php\/wp-json\/wp\/v2\/users\/2"}],"replies":[{"embeddable":true,"href":"https:\/\/arapca.com\/index.php\/wp-json\/wp\/v2\/comments?post=18504"}],"version-history":[{"count":2,"href":"https:\/\/arapca.com\/index.php\/wp-json\/wp\/v2\/pages\/18504\/revisions"}],"predecessor-version":[{"id":18506,"href":"https:\/\/arapca.com\/index.php\/wp-json\/wp\/v2\/pages\/18504\/revisions\/18506"}],"up":[{"embeddable":true,"href":"https:\/\/arapca.com\/index.php\/wp-json\/wp\/v2\/pages\/18129"}],"wp:attachment":[{"href":"https:\/\/arapca.com\/index.php\/wp-json\/wp\/v2\/media?parent=18504"}],"curies":[{"name":"wp","href":"https:\/\/api.w.org\/{rel}","templated":true}]}}