{"id":17287,"date":"2023-10-21T17:30:06","date_gmt":"2023-10-21T14:30:06","guid":{"rendered":"https:\/\/arapca.com\/?page_id=17287"},"modified":"2023-10-21T17:45:00","modified_gmt":"2023-10-21T14:45:00","slug":"kelimeler","status":"publish","type":"page","link":"https:\/\/arapca.com\/index.php\/kelimeler\/","title":{"rendered":"KEL\u0130MELER"},"content":{"rendered":"\n<p class=\"has-text-align-center has-vivid-red-color has-text-color has-x-large-font-size\"><strong>\u0643\u064e\u0644\u0650\u0645\u0627\u062a \u0627\u0644\u0639\u064e\u0631\u064e\u0628\u0650\u064a\u0651\u064e\u0629<\/strong><\/p>\n\n\n\n<p>ARAP\u00c7A KEL\u0130MELER<\/p>\n\n\n\n<p><a href=\"https:\/\/arapca.com\/index.php\/2023\/08\/23\/cok-kullanilan-fiiller-1\/\">F\u0130\u0130LLER<\/a><\/p>\n\n\n\n<p><a href=\"https:\/\/arapca.com\/index.php\/isimler\/\">\u0130S\u0130MLER<\/a><\/p>\n\n\n\n<p><a href=\"https:\/\/arapca.com\/index.php\/edatlar\/\">HARFLER (EDATLAR)<\/a><\/p>\n","protected":false},"excerpt":{"rendered":"<p>\u0643\u064e\u0644\u0650\u0645\u0627\u062a \u0627\u0644\u0639\u064e\u0631\u064e\u0628\u0650\u064a\u0651\u064e\u0629 ARAP\u00c7A KEL\u0130MELER F\u0130\u0130LLER \u0130S\u0130MLER HARFLER (EDATLAR)<\/p>\n","protected":false},"author":2,"featured_media":0,"parent":0,"menu_order":0,"comment_status":"closed","ping_status":"closed","template":"","meta":{"_bbp_topic_count":0,"_bbp_reply_count":0,"_bbp_total_topic_count":0,"_bbp_total_reply_count":0,"_bbp_voice_count":0,"_bbp_anonymous_reply_count":0,"_bbp_topic_count_hidden":0,"_bbp_reply_count_hidden":0,"_bbp_forum_subforum_count":0,"footnotes":""},"class_list":["post-17287","page","type-page","status-publish","hentry"],"jetpack_sharing_enabled":true,"jetpack_likes_enabled":true,"_links":{"self":[{"href":"https:\/\/arapca.com\/index.php\/wp-json\/wp\/v2\/pages\/17287","targetHints":{"allow":["GET"]}}],"collection":[{"href":"https:\/\/arapca.com\/index.php\/wp-json\/wp\/v2\/pages"}],"about":[{"href":"https:\/\/arapca.com\/index.php\/wp-json\/wp\/v2\/types\/page"}],"author":[{"embeddable":true,"href":"https:\/\/arapca.com\/index.php\/wp-json\/wp\/v2\/users\/2"}],"replies":[{"embeddable":true,"href":"https:\/\/arapca.com\/index.php\/wp-json\/wp\/v2\/comments?post=17287"}],"version-history":[{"count":5,"href":"https:\/\/arapca.com\/index.php\/wp-json\/wp\/v2\/pages\/17287\/revisions"}],"predecessor-version":[{"id":17300,"href":"https:\/\/arapca.com\/index.php\/wp-json\/wp\/v2\/pages\/17287\/revisions\/17300"}],"wp:attachment":[{"href":"https:\/\/arapca.com\/index.php\/wp-json\/wp\/v2\/media?parent=17287"}],"curies":[{"name":"wp","href":"https:\/\/api.w.org\/{rel}","templated":true}]}}