{"id":16805,"date":"2023-09-19T17:34:14","date_gmt":"2023-09-19T14:34:14","guid":{"rendered":"https:\/\/arapca.com\/?page_id=16805"},"modified":"2023-09-19T17:34:17","modified_gmt":"2023-09-19T14:34:17","slug":"arapcada-zamirler","status":"publish","type":"page","link":"https:\/\/arapca.com\/index.php\/arapcada-zamirler\/","title":{"rendered":"Arap\u00e7a&#8217;da Zamirler"},"content":{"rendered":"\n<ol class=\"wp-block-list\">\n<li><strong>Ayr\u0131 zamirler<\/strong><\/li>\n<\/ol>\n\n\n\n<figure class=\"wp-block-image size-full\"><img data-recalc-dims=\"1\" loading=\"lazy\" decoding=\"async\" width=\"528\" height=\"347\" src=\"https:\/\/i0.wp.com\/arapca.com\/wp-content\/uploads\/2023\/09\/ayri-zamirler.jpg?resize=528%2C347&#038;ssl=1\" alt=\"\" class=\"wp-image-16806\" srcset=\"https:\/\/i0.wp.com\/arapca.com\/wp-content\/uploads\/2023\/09\/ayri-zamirler.jpg?w=528&amp;ssl=1 528w, https:\/\/i0.wp.com\/arapca.com\/wp-content\/uploads\/2023\/09\/ayri-zamirler.jpg?resize=300%2C197&amp;ssl=1 300w\" sizes=\"auto, (max-width: 528px) 100vw, 528px\" \/><\/figure>\n\n\n\n<p><em>Ayr\u0131 Zamirlerin Kullan\u0131m\u0131 (\u00d6rnek )<\/em><\/p>\n\n\n\n<figure class=\"wp-block-image size-full is-resized\"><img data-recalc-dims=\"1\" loading=\"lazy\" decoding=\"async\" src=\"https:\/\/i0.wp.com\/arapca.com\/wp-content\/uploads\/2023\/09\/ayri-zamirlerOrnekler.jpg?resize=544%2C578&#038;ssl=1\" alt=\"\" class=\"wp-image-16807\" width=\"544\" height=\"578\" srcset=\"https:\/\/i0.wp.com\/arapca.com\/wp-content\/uploads\/2023\/09\/ayri-zamirlerOrnekler.jpg?w=341&amp;ssl=1 341w, https:\/\/i0.wp.com\/arapca.com\/wp-content\/uploads\/2023\/09\/ayri-zamirlerOrnekler.jpg?resize=283%2C300&amp;ssl=1 283w\" sizes=\"auto, (max-width: 544px) 100vw, 544px\" \/><\/figure>\n\n\n\n<p><strong>2. Biti\u015fik Zamirler<\/strong><\/p>\n\n\n\n<figure class=\"wp-block-image size-full is-resized\"><img data-recalc-dims=\"1\" loading=\"lazy\" decoding=\"async\" src=\"https:\/\/i0.wp.com\/arapca.com\/wp-content\/uploads\/2023\/09\/bitisik-zamirler.jpg?resize=555%2C636&#038;ssl=1\" alt=\"\" class=\"wp-image-16808\" width=\"555\" height=\"636\" srcset=\"https:\/\/i0.wp.com\/arapca.com\/wp-content\/uploads\/2023\/09\/bitisik-zamirler.jpg?w=308&amp;ssl=1 308w, https:\/\/i0.wp.com\/arapca.com\/wp-content\/uploads\/2023\/09\/bitisik-zamirler.jpg?resize=262%2C300&amp;ssl=1 262w\" sizes=\"auto, (max-width: 555px) 100vw, 555px\" \/><\/figure>\n\n\n\n<p><em>Biti\u015fik zamirler bir ismin, fiilin veya ba\u015fka kelimelerin sonuna \u00f6rnekte oldu\u011fu gibi biti\u015fik yaz\u0131l\u0131r.<\/em><\/p>\n\n\n\n<figure class=\"wp-block-embed is-type-video is-provider-youtube wp-block-embed-youtube wp-embed-aspect-16-9 wp-has-aspect-ratio\"><div class=\"wp-block-embed__wrapper\">\n<iframe loading=\"lazy\" title=\"ARAP\u00c7A ZAM\u0130RLER (Munfas\u0131l Zamirler\/Muttas\u0131l Zamirler)\" width=\"640\" height=\"360\" src=\"https:\/\/www.youtube.com\/embed\/i8vfCO13_PI?feature=oembed\" frameborder=\"0\" allow=\"accelerometer; autoplay; clipboard-write; encrypted-media; gyroscope; picture-in-picture; web-share\" referrerpolicy=\"strict-origin-when-cross-origin\" allowfullscreen><\/iframe>\n<\/div><\/figure>\n","protected":false},"excerpt":{"rendered":"<p>Ayr\u0131 Zamirlerin Kullan\u0131m\u0131 (\u00d6rnek ) 2. Biti\u015fik Zamirler Biti\u015fik zamirler bir ismin, fiilin veya ba\u015fka kelimelerin sonuna \u00f6rnekte oldu\u011fu gibi biti\u015fik yaz\u0131l\u0131r.<\/p>\n","protected":false},"author":2,"featured_media":0,"parent":0,"menu_order":0,"comment_status":"closed","ping_status":"closed","template":"","meta":{"_bbp_topic_count":0,"_bbp_reply_count":0,"_bbp_total_topic_count":0,"_bbp_total_reply_count":0,"_bbp_voice_count":0,"_bbp_anonymous_reply_count":0,"_bbp_topic_count_hidden":0,"_bbp_reply_count_hidden":0,"_bbp_forum_subforum_count":0,"footnotes":""},"class_list":["post-16805","page","type-page","status-publish","hentry"],"jetpack_sharing_enabled":true,"jetpack_likes_enabled":true,"_links":{"self":[{"href":"https:\/\/arapca.com\/index.php\/wp-json\/wp\/v2\/pages\/16805","targetHints":{"allow":["GET"]}}],"collection":[{"href":"https:\/\/arapca.com\/index.php\/wp-json\/wp\/v2\/pages"}],"about":[{"href":"https:\/\/arapca.com\/index.php\/wp-json\/wp\/v2\/types\/page"}],"author":[{"embeddable":true,"href":"https:\/\/arapca.com\/index.php\/wp-json\/wp\/v2\/users\/2"}],"replies":[{"embeddable":true,"href":"https:\/\/arapca.com\/index.php\/wp-json\/wp\/v2\/comments?post=16805"}],"version-history":[{"count":1,"href":"https:\/\/arapca.com\/index.php\/wp-json\/wp\/v2\/pages\/16805\/revisions"}],"predecessor-version":[{"id":16810,"href":"https:\/\/arapca.com\/index.php\/wp-json\/wp\/v2\/pages\/16805\/revisions\/16810"}],"wp:attachment":[{"href":"https:\/\/arapca.com\/index.php\/wp-json\/wp\/v2\/media?parent=16805"}],"curies":[{"name":"wp","href":"https:\/\/api.w.org\/{rel}","templated":true}]}}