{"id":16166,"date":"2023-08-06T20:00:59","date_gmt":"2023-08-06T17:00:59","guid":{"rendered":"https:\/\/arapca.com\/?page_id=16166"},"modified":"2023-08-06T21:14:44","modified_gmt":"2023-08-06T18:14:44","slug":"elementor-16166","status":"publish","type":"page","link":"https:\/\/arapca.com\/index.php\/elementor-16166\/","title":{"rendered":"Elementor #16166"},"content":{"rendered":"\t\t<div data-elementor-type=\"wp-post\" data-elementor-id=\"16166\" class=\"elementor elementor-16166\">\n\t\t\t\t\t\t<section class=\"elementor-section elementor-top-section elementor-element elementor-element-139a217 elementor-section-boxed elementor-section-height-default elementor-section-height-default\" data-id=\"139a217\" data-element_type=\"section\" data-e-type=\"section\">\n\t\t\t\t\t\t<div class=\"elementor-container elementor-column-gap-default\">\n\t\t\t\t\t<div class=\"elementor-column elementor-col-100 elementor-top-column elementor-element elementor-element-edceac5\" data-id=\"edceac5\" data-element_type=\"column\" data-e-type=\"column\">\n\t\t\t<div class=\"elementor-widget-wrap\">\n\t\t\t\t\t\t\t<\/div>\n\t\t<\/div>\n\t\t\t\t\t<\/div>\n\t\t<\/section>\n\t\t\t\t<section class=\"elementor-section elementor-top-section elementor-element elementor-element-ea753b8 elementor-section-boxed elementor-section-height-default elementor-section-height-default\" data-id=\"ea753b8\" data-element_type=\"section\" data-e-type=\"section\">\n\t\t\t\t\t\t<div class=\"elementor-container elementor-column-gap-default\">\n\t\t\t\t\t<div class=\"elementor-column elementor-col-100 elementor-top-column elementor-element elementor-element-812c223\" data-id=\"812c223\" data-element_type=\"column\" data-e-type=\"column\">\n\t\t\t<div class=\"elementor-widget-wrap\">\n\t\t\t\t\t\t\t<\/div>\n\t\t<\/div>\n\t\t\t\t\t<\/div>\n\t\t<\/section>\n\t\t\t\t<\/div>\n\t\t","protected":false},"excerpt":{"rendered":"<p>Kur&#8217;an Arap\u00e7as\u0131 Ba\u015flang\u0131\u00e7 Seviyesi-1. Kitap Kur&#8217;an Arap\u00e7as\u0131 BA\u015flang\u0131\u00e7 Seviyesi &#8211; 2. Kitap Kur&#8217;an Arap\u00e7as\u0131 Ba\u015flang\u0131\u00e7 Seviyesi\u00fc 3. Kitap Kur&#8217;an Arap\u00e7as\u0131 Ba\u015flang\u0131\u00e7 Seviyesi\u00fc 4. Kitap Daha fazlas\u0131n\u0131 Oku Kur&#8217;an Arap\u00e7as\u0131 \u00d6\u011freniyorum 1. Seviye \u00dccretsiz 10 hafta Ba\u015flang\u0131\u00e7 Seviyesi Kur&#8217;an Arap\u00e7as\u0131 \u00d6\u011freniyorum &hellip; <\/p>\n","protected":false},"author":2,"featured_media":0,"parent":0,"menu_order":0,"comment_status":"closed","ping_status":"closed","template":"","meta":{"_bbp_topic_count":0,"_bbp_reply_count":0,"_bbp_total_topic_count":0,"_bbp_total_reply_count":0,"_bbp_voice_count":0,"_bbp_anonymous_reply_count":0,"_bbp_topic_count_hidden":0,"_bbp_reply_count_hidden":0,"_bbp_forum_subforum_count":0,"advanced_seo_description":"","jetpack_seo_html_title":"","jetpack_seo_noindex":false,"footnotes":""},"class_list":["post-16166","page","type-page","status-publish","hentry"],"jetpack_sharing_enabled":true,"jetpack_likes_enabled":true,"_links":{"self":[{"href":"https:\/\/arapca.com\/index.php\/wp-json\/wp\/v2\/pages\/16166","targetHints":{"allow":["GET"]}}],"collection":[{"href":"https:\/\/arapca.com\/index.php\/wp-json\/wp\/v2\/pages"}],"about":[{"href":"https:\/\/arapca.com\/index.php\/wp-json\/wp\/v2\/types\/page"}],"author":[{"embeddable":true,"href":"https:\/\/arapca.com\/index.php\/wp-json\/wp\/v2\/users\/2"}],"replies":[{"embeddable":true,"href":"https:\/\/arapca.com\/index.php\/wp-json\/wp\/v2\/comments?post=16166"}],"version-history":[{"count":13,"href":"https:\/\/arapca.com\/index.php\/wp-json\/wp\/v2\/pages\/16166\/revisions"}],"predecessor-version":[{"id":16181,"href":"https:\/\/arapca.com\/index.php\/wp-json\/wp\/v2\/pages\/16166\/revisions\/16181"}],"wp:attachment":[{"href":"https:\/\/arapca.com\/index.php\/wp-json\/wp\/v2\/media?parent=16166"}],"curies":[{"name":"wp","href":"https:\/\/api.w.org\/{rel}","templated":true}]}}